Last updated on 2024-04-23 22:55:38 CEST.
Flavor | Version | Tinstall | Tcheck | Ttotal | Status | Flags |
---|---|---|---|---|---|---|
r-devel-linux-x86_64-debian-clang | 0.3-4 | 3.11 | 30.19 | 33.30 | NOTE | |
r-devel-linux-x86_64-debian-gcc | 0.3-4 | 2.47 | 22.36 | 24.83 | NOTE | |
r-devel-linux-x86_64-fedora-clang | 0.3-4 | 42.29 | NOTE | |||
r-devel-linux-x86_64-fedora-gcc | 0.3-4 | 38.97 | NOTE | |||
r-prerel-macos-arm64 | 0.3-4 | 17.00 | NOTE | |||
r-prerel-windows-x86_64 | 0.3-4 | 3.00 | 45.00 | 48.00 | NOTE | |
r-patched-linux-x86_64 | 0.3-4 | 2.80 | 28.28 | 31.08 | NOTE | |
r-release-linux-x86_64 | 0.3-4 | 2.30 | 28.49 | 30.79 | OK | |
r-release-macos-arm64 | 0.3-4 | 18.00 | OK | |||
r-release-macos-x86_64 | 0.3-4 | 24.00 | OK | |||
r-release-windows-x86_64 | 0.3-4 | 4.00 | 46.00 | 50.00 | OK | |
r-oldrel-macos-arm64 | 0.3-4 | 18.00 | OK | |||
r-oldrel-windows-x86_64 | 0.3-4 | 5.00 | 50.00 | 55.00 | OK |
Version: 0.3-4
Check: Rd files
Result: NOTE
checkRd: (-1) keypoints.Rd:35-36: Lost braces in \enumerate; meant \describe ?
checkRd: (-1) keypoints.Rd:37-39: Lost braces in \enumerate; meant \describe ?
checkRd: (-1) keypoints.Rd:40-44: Lost braces in \enumerate; meant \describe ?
checkRd: (-1) keypoints.Rd:45-48: Lost braces in \enumerate; meant \describe ?
checkRd: (-1) keypoints.Rd:49-50: Lost braces in \enumerate; meant \describe ?
checkRd: (-1) keypoints.Rd:63-65: Lost braces in \enumerate; meant \describe ?
checkRd: (-1) keypoints.Rd:66-67: Lost braces in \enumerate; meant \describe ?
Flavors: r-devel-linux-x86_64-debian-clang, r-devel-linux-x86_64-debian-gcc, r-devel-linux-x86_64-fedora-clang, r-devel-linux-x86_64-fedora-gcc, r-prerel-macos-arm64, r-prerel-windows-x86_64, r-patched-linux-x86_64