CRAN Package Check Results for Package stepPlr

Last updated on 2018-02-24 22:47:50 CET.

Flavor Version Tinstall Tcheck Ttotal Status Flags
r-devel-linux-x86_64-debian-clang 0.93 2.94 25.55 28.49 OK
r-devel-linux-x86_64-debian-gcc 0.93 2.50 20.23 22.73 OK
r-devel-linux-x86_64-fedora-clang 0.93 34.07 OK
r-devel-linux-x86_64-fedora-gcc 0.93 32.94 OK
r-devel-windows-ix86+x86_64 0.93 16.00 54.00 70.00 OK
r-patched-linux-x86_64 0.93 1.99 25.63 27.62 OK
r-patched-solaris-x86 0.93 43.20 OK
r-release-linux-x86_64 0.93 1.94 25.27 27.21 OK
r-release-windows-ix86+x86_64 0.93 8.00 50.00 58.00 OK
r-release-osx-x86_64 0.93 OK
r-oldrel-windows-ix86+x86_64 0.93 8.00 48.00 56.00 OK
r-oldrel-osx-x86_64 0.92 NOTE

Check Details

Version: 0.92
Check: R code for possible problems
Result: NOTE
    cv.step.plr: no visible global function definition for ‘binomial’
    cv.step.plr: no visible global function definition for ‘predict’
    cv.step.plr: no visible binding for global variable ‘var’
    plr: no visible global function definition for ‘binomial’
    predict.stepplr: no visible global function definition for ‘predict’
    summary.plr: no visible global function definition for ‘pnorm’
    Undefined global functions or variables:
     binomial pnorm predict var
    Consider adding
     importFrom("stats", "binomial", "pnorm", "predict", "var")
    to your NAMESPACE file.
Flavor: r-oldrel-osx-x86_64

Version: 0.92
Check: Rd \usage sections
Result: NOTE
    S3 methods shown with full name in documentation object 'plr-internal':
     ‘anova.stepplr’ ‘print.plr’ ‘print.stepplr’ ‘summary.plr’
     ‘summary.stepplr’
    
    S3 methods shown with full name in documentation object 'predict.plr':
     ‘predict.plr’
    
    S3 methods shown with full name in documentation object 'predict.stepplr':
     ‘predict.stepplr’
    
    The \usage entries for S3 methods should use the \method markup and not
    their full name.
    See chapter ‘Writing R documentation files’ in the ‘Writing R
    Extensions’ manual.
Flavor: r-oldrel-osx-x86_64

Version: 0.92
Check: compiled code
Result: NOTE
    File ‘stepPlr/libs/stepPlr.so’:
     Found ‘__gfortran_st_write’, possibly from ‘write’ (Fortran), ‘print’
     (Fortran)
     Object: ‘cg_descent.o’
     Found ‘__gfortran_stop_string’, possibly from ‘stop’ (Fortran)
     Object: ‘cg_descent.o’
    
    Compiled code should not call entry points which might terminate R nor
    write to stdout/stderr instead of to the console, nor the system RNG.
    
    See ‘Writing portable packages’ in the ‘Writing R Extensions’ manual.
Flavor: r-oldrel-osx-x86_64