Last updated on 2024-05-03 22:53:26 CEST.
Flavor | Version | Tinstall | Tcheck | Ttotal | Status | Flags |
---|---|---|---|---|---|---|
r-devel-linux-x86_64-debian-clang | 1.2.0 | 38.13 | 44.90 | 83.03 | OK | |
r-devel-linux-x86_64-fedora-clang | 1.2.0 | 109.75 | NOTE | |||
r-devel-linux-x86_64-fedora-gcc | 1.2.0 | 109.73 | NOTE | |||
r-devel-windows-x86_64 | 1.2.0 | 33.00 | 68.00 | 101.00 | OK | |
r-patched-linux-x86_64 | 1.2.0 | 39.74 | 42.84 | 82.58 | OK | |
r-release-linux-x86_64 | 1.2.0 | 34.20 | 42.57 | 76.77 | OK | |
r-release-macos-arm64 | 1.2.0 | 53.00 | OK | |||
r-release-macos-x86_64 | 1.2.0 | 120.00 | OK | |||
r-release-windows-x86_64 | 1.2.0 | 34.00 | 68.00 | 102.00 | OK | |
r-oldrel-macos-arm64 | 1.2.0 | 58.00 | OK | |||
r-oldrel-macos-x86_64 | 1.2.0 | 116.00 | OK | |||
r-oldrel-windows-x86_64 | 1.2.0 | 32.00 | 73.00 | 105.00 | OK |
Version: 1.2.0
Check: data for non-ASCII characters
Result: NOTE
Note: found 534 marked UTF-8 strings
Flavors: r-devel-linux-x86_64-fedora-clang, r-devel-linux-x86_64-fedora-gcc