Last updated on 2024-03-18 22:03:25 CET.
Flavor | Version | Tinstall | Tcheck | Ttotal | Status | Flags |
---|---|---|---|---|---|---|
r-devel-linux-x86_64-debian-clang | 0.9.6 | 7.73 | 161.52 | 169.25 | NOTE | |
r-devel-linux-x86_64-debian-gcc | 0.9.6 | 6.73 | 121.54 | 128.27 | NOTE | |
r-devel-linux-x86_64-fedora-clang | 0.9.6 | 206.35 | NOTE | |||
r-devel-linux-x86_64-fedora-gcc | 0.9.6 | 231.90 | NOTE | |||
r-devel-windows-x86_64 | 0.9.6 | 8.00 | 159.00 | 167.00 | NOTE | |
r-patched-linux-x86_64 | 0.9.6 | 10.82 | 159.97 | 170.79 | OK | |
r-release-linux-x86_64 | 0.9.6 | 10.71 | 160.70 | 171.41 | OK | |
r-release-macos-arm64 | 0.9.6 | 62.00 | OK | |||
r-release-macos-x86_64 | 0.9.6 | 174.00 | OK | |||
r-release-windows-x86_64 | 0.9.6 | 8.00 | 185.00 | 193.00 | OK | |
r-oldrel-macos-arm64 | 0.9.6 | 61.00 | OK | |||
r-oldrel-windows-x86_64 | 0.9.6 | 11.00 | 187.00 | 198.00 | OK |
Version: 0.9.6
Check: Rd files
Result: NOTE
checkRd: (-1) docker_config_collection.Rd:11: Lost braces; missing escapes or markup?
11 | \Sexpr[results=rd,stage=render]{stevedore:::generate_help("config")}
| ^
checkRd: (-1) docker_container.Rd:13: Lost braces
13 | \Sexpr[results=rd,stage=render]{stevedore:::generate_help("docker_container")}
| ^
checkRd: (-1) docker_image_collection.Rd:11: Lost braces
11 | \Sexpr[results=rd,stage=render]{stevedore:::generate_help("image")}
| ^
checkRd: (-1) docker_plugin_collection.Rd:11: Lost braces
11 | \Sexpr[results=rd,stage=render]{stevedore:::generate_help("plugin")}
| ^
checkRd: (-1) docker_service_collection.Rd:11: Lost braces
11 | \Sexpr[results=rd,stage=render]{stevedore:::generate_help("service")}
| ^
checkRd: (-1) docker_task.Rd:13: Lost braces
13 | \Sexpr[results=rd,stage=render]{stevedore:::generate_help("docker_task")}
| ^
Flavors: r-devel-linux-x86_64-debian-clang, r-devel-linux-x86_64-debian-gcc, r-devel-linux-x86_64-fedora-clang, r-devel-linux-x86_64-fedora-gcc, r-devel-windows-x86_64