CRAN Package Check Results for Package stevedore

Last updated on 2019-12-11 22:51:25 CET.

Flavor Version Tinstall Tcheck Ttotal Status Flags
r-devel-linux-x86_64-debian-clang 0.9.1 8.47 118.75 127.22 OK
r-devel-linux-x86_64-debian-gcc 0.9.1 6.89 87.64 94.53 OK
r-devel-linux-x86_64-fedora-clang 0.9.1 152.83 OK
r-devel-linux-x86_64-fedora-gcc 0.9.1 148.77 OK
r-devel-windows-ix86+x86_64 0.9.1 16.00 184.00 200.00 OK
r-devel-windows-ix86+x86_64-gcc8 0.9.1 13.00 188.00 201.00 OK
r-patched-linux-x86_64 0.9.1 7.13 105.99 113.12 OK
r-patched-solaris-x86 0.9.1 166.20 ERROR
r-release-linux-x86_64 0.9.1 7.41 106.73 114.14 OK
r-release-windows-ix86+x86_64 0.9.1 19.00 120.00 139.00 OK
r-release-osx-x86_64 0.9.1 OK
r-oldrel-windows-ix86+x86_64 0.9.1 9.00 139.00 148.00 OK
r-oldrel-osx-x86_64 0.9.1 OK

Check Details

Version: 0.9.1
Check: package dependencies
Result: NOTE
    Package suggested but not available for checking: ‘redux’
Flavor: r-patched-solaris-x86

Version: 0.9.1
Check: tests
Result: ERROR
     Running ‘testthat.R’ [83s/112s]
    Running the tests in ‘tests/testthat.R’ failed.
    Complete output:
     > library(testthat)
     > library(stevedore)
     >
     > test_check("stevedore")
     ── 1. Error: build_tar (@test-util-build.R#118) ───────────────────────────────
     tar failed with status 1:
     tar: /dev/rmt/0: Permission denied
     Backtrace:
     1. stevedore:::build_tar(root, dockerfile)
     2. stevedore:::tar_files(files, root)
     3. stevedore:::tar_safe(tmp, files, complex = TRUE, external_list = external_list)
     4. stevedore:::tar_system(tarfile, files, ...)
    
     ── 2. Error: validate_tar_directory (@test-util-build.R#151) ──────────────────
     tar failed with status 1:
     tar: /dev/rmt/0: Permission denied
     Backtrace:
     1. stevedore:::validate_tar_directory(root, dockerfile)
     2. stevedore:::build_tar(path, dockerfile)
     3. stevedore:::tar_files(files, root)
     4. stevedore:::tar_safe(tmp, files, complex = TRUE, external_list = external_list)
     5. stevedore:::tar_system(tarfile, files, ...)
    
     ── 3. Error: validate_tar (@test-util-client.R#483) ───────────────────────────
     tar failed with status 1:
     tar: /dev/rmt/0: Permission denied
     Backtrace:
     1. stevedore:::validate_tar_input(path)
     2. stevedore:::tar_file(input)
     3. stevedore:::tar_files(basename(file), dirname(file))
     4. stevedore:::tar_safe(tmp, files, complex = TRUE, external_list = external_list)
     5. stevedore:::tar_system(tarfile, files, ...)
    
     ── 4. Error: selective tar (@test-util-tar.R#30) ──────────────────────────────
     tar failed with status 1:
     tar: /dev/rmt/0: Permission denied
     Backtrace:
     1. stevedore:::tar_files(letters[1:6], p)
     2. stevedore:::tar_safe(tmp, files, complex = TRUE, external_list = external_list)
     3. stevedore:::tar_system(tarfile, files, ...)
    
     ── 5. Error: tar_file (@test-util-tar.R#42) ───────────────────────────────────
     tar failed with status 1:
     tar: /dev/rmt/0: Permission denied
     Backtrace:
     1. stevedore:::tar_file("sample_responses/README.md")
     2. stevedore:::tar_files(basename(file), dirname(file))
     3. stevedore:::tar_safe(tmp, files, complex = TRUE, external_list = external_list)
     4. stevedore:::tar_system(tarfile, files, ...)
    
     ── 6. Error: external list (@test-util-tar.R#68) ──────────────────────────────
     tar failed with status 1:
     tar: /dev/rmt/0: Permission denied
     Backtrace:
     1. stevedore:::tar_files(letters[1:6], p, external_list = TRUE)
     2. stevedore:::tar_safe(tmp, files, complex = TRUE, external_list = external_list)
     3. stevedore:::tar_system(tarfile, files, ...)
    
     ══ testthat results ═══════════════════════════════════════════════════════════
     [ OK: 3278 | SKIPPED: 152 | WARNINGS: 3 | FAILED: 6 ]
     1. Error: build_tar (@test-util-build.R#118)
     2. Error: validate_tar_directory (@test-util-build.R#151)
     3. Error: validate_tar (@test-util-client.R#483)
     4. Error: selective tar (@test-util-tar.R#30)
     5. Error: tar_file (@test-util-tar.R#42)
     6. Error: external list (@test-util-tar.R#68)
    
     Error: testthat unit tests failed
     Execution halted
Flavor: r-patched-solaris-x86