Last updated on 2023-02-04 22:55:04 CET.
Flavor | Version | Tinstall | Tcheck | Ttotal | Status | Flags |
---|---|---|---|---|---|---|
r-devel-linux-x86_64-debian-clang | 1.5.0 | 16.28 | 134.40 | 150.68 | OK | |
r-devel-linux-x86_64-debian-gcc | 1.5.0 | 13.29 | 98.79 | 112.08 | OK | |
r-devel-linux-x86_64-fedora-clang | 1.5.0 | 188.00 | OK | |||
r-devel-linux-x86_64-fedora-gcc | 1.5.0 | 179.26 | OK | |||
r-devel-windows-x86_64 | 1.5.0 | 60.00 | 148.00 | 208.00 | OK | |
r-patched-linux-x86_64 | 1.4.1 | 15.05 | 119.43 | 134.48 | ERROR | |
r-release-linux-x86_64 | 1.5.0 | 13.12 | 127.87 | 140.99 | OK | |
r-release-macos-arm64 | 1.5.0 | 45.00 | OK | |||
r-release-macos-x86_64 | 1.5.0 | 76.00 | OK | |||
r-release-windows-x86_64 | 1.4.1 | 61.00 | 185.00 | 246.00 | OK | |
r-oldrel-macos-arm64 | 1.5.0 | 52.00 | OK | |||
r-oldrel-macos-x86_64 | 1.5.0 | 73.00 | OK | |||
r-oldrel-windows-ix86+x86_64 | 1.5.0 | 36.00 | 155.00 | 191.00 | OK |
Version: 1.4.1
Check: examples
Result: ERROR
Running examples in ‘stevemisc-Ex.R’ failed
The error most likely occurred in:
> base::assign(".ptime", proc.time(), pos = "CheckExEnv")
> ### Name: fct_reorg
> ### Title: Reorganize a factor after "re-leveling" it
> ### Aliases: fct_reorg
>
> ### ** Examples
>
>
> x<-factor(c("a","b","c"))
> fct_reorg(x, B="b", C="c")
Error in `fct_relevel()`:
! Arguments in `...` must be passed by position, not name.
✖ Problematic arguments:
• B = "b"
• C = "c"
Backtrace:
▆
1. └─stevemisc::fct_reorg(x, B = "b", C = "c")
2. ├─forcats::fct_recode(fct_relevel(fac, ...), ...)
3. │ └─forcats:::check_factor(.f)
4. └─forcats::fct_relevel(fac, ...)
5. └─rlang::check_dots_unnamed()
6. └─rlang:::action_dots(...)
7. ├─base (local) try_dots(...)
8. └─rlang (local) action(...)
Execution halted
Flavor: r-patched-linux-x86_64