CRAN Package Check Results for Package stlcsb

Last updated on 2021-03-03 22:51:29 CET.

Flavor Version Tinstall Tcheck Ttotal Status Flags
r-devel-linux-x86_64-debian-clang 0.1.2 7.57 76.88 84.45 OK
r-devel-linux-x86_64-debian-gcc 0.1.2 6.70 58.95 65.65 OK
r-devel-linux-x86_64-fedora-clang 0.1.2 109.06 NOTE
r-devel-linux-x86_64-fedora-gcc 0.1.2 98.10 NOTE
r-devel-windows-ix86+x86_64 0.1.2 16.00 91.00 107.00 OK
r-patched-linux-x86_64 0.1.2 8.01 71.84 79.85 OK
r-patched-solaris-x86 0.1.2 148.10 NOTE
r-release-linux-x86_64 0.1.2 8.74 72.78 81.52 OK
r-release-macos-x86_64 0.1.2 NOTE
r-release-windows-ix86+x86_64 0.1.2 14.00 75.00 89.00 OK
r-oldrel-macos-x86_64 0.1.2 NOTE
r-oldrel-windows-ix86+x86_64 0.1.2 15.00 92.00 107.00 OK

Check Details

Version: 0.1.2
Check: dependencies in R code
Result: NOTE
    Namespace in Imports field not imported from: ‘tibble’
     All declared Imports should be used.
Flavors: r-devel-linux-x86_64-fedora-clang, r-devel-linux-x86_64-fedora-gcc, r-patched-solaris-x86, r-release-macos-x86_64, r-oldrel-macos-x86_64