Last updated on 2024-04-22 23:10:06 CEST.
Flavor | Version | Tinstall | Tcheck | Ttotal | Status | Flags |
---|---|---|---|---|---|---|
r-devel-linux-x86_64-debian-clang | 0.2.0 | 41.63 | 178.13 | 219.76 | OK | |
r-devel-linux-x86_64-debian-gcc | 0.2.0 | 37.64 | 138.82 | 176.46 | OK | |
r-devel-linux-x86_64-fedora-clang | 0.2.0 | 281.49 | NOTE | |||
r-devel-linux-x86_64-fedora-gcc | 0.2.0 | 312.23 | OK | |||
r-prerel-macos-arm64 | 0.2.0 | 90.00 | NOTE | |||
r-prerel-windows-x86_64 | 0.2.0 | 70.00 | 107.00 | 177.00 | NOTE | |
r-patched-linux-x86_64 | 0.2.0 | 44.90 | 183.22 | 228.12 | OK | |
r-release-linux-x86_64 | 0.2.0 | 50.69 | 183.61 | 234.30 | OK | |
r-release-macos-arm64 | 0.2.0 | 99.00 | NOTE | |||
r-release-macos-x86_64 | 0.2.0 | 137.00 | NOTE | |||
r-release-windows-x86_64 | 0.2.0 | 82.00 | 129.00 | 211.00 | NOTE | |
r-oldrel-macos-arm64 | 0.2.0 | 85.00 | NOTE | |||
r-oldrel-windows-x86_64 | 0.2.0 | 77.00 | 124.00 | 201.00 | NOTE |
Version: 0.2.0
Check: installed package size
Result: NOTE
installed size is 29.0Mb
sub-directories of 1Mb or more:
libs 27.3Mb
Flavors: r-devel-linux-x86_64-fedora-clang, r-prerel-macos-arm64, r-prerel-windows-x86_64, r-release-macos-arm64, r-release-macos-x86_64, r-release-windows-x86_64, r-oldrel-macos-arm64, r-oldrel-windows-x86_64