Last updated on 2024-04-18 22:53:02 CEST.
Flavor | Version | Tinstall | Tcheck | Ttotal | Status | Flags |
---|---|---|---|---|---|---|
r-devel-linux-x86_64-debian-clang | 2.3 | 2.47 | 26.04 | 28.51 | OK | |
r-devel-linux-x86_64-debian-gcc | 2.3 | 1.53 | 20.53 | 22.06 | OK | |
r-devel-linux-x86_64-fedora-clang | 2.3 | 37.29 | NOTE | |||
r-devel-linux-x86_64-fedora-gcc | 2.3 | 37.30 | NOTE | |||
r-prerel-macos-arm64 | 2.3 | 16.00 | OK | |||
r-prerel-windows-x86_64 | 2.3 | 3.00 | 43.00 | 46.00 | OK | |
r-patched-linux-x86_64 | 2.3 | 2.72 | 25.44 | 28.16 | OK | |
r-release-linux-x86_64 | 2.3 | 2.12 | 26.14 | 28.26 | OK | |
r-release-macos-arm64 | 2.3 | 18.00 | OK | |||
r-release-macos-x86_64 | 2.3 | 25.00 | OK | |||
r-release-windows-x86_64 | 2.3 | 4.00 | 46.00 | 50.00 | OK | |
r-oldrel-macos-arm64 | 2.3 | 20.00 | OK | |||
r-oldrel-windows-x86_64 | 2.3 | 4.00 | 48.00 | 52.00 | OK |
Version: 2.3
Check: data for non-ASCII characters
Result: NOTE
Note: found 22806 marked UTF-8 strings
Flavors: r-devel-linux-x86_64-fedora-clang, r-devel-linux-x86_64-fedora-gcc