Last updated on 2021-04-15 22:51:25 CEST.
Flavor | Version | Tinstall | Tcheck | Ttotal | Status | Flags |
---|---|---|---|---|---|---|
r-devel-linux-x86_64-debian-clang | 1.2.5 | 8.32 | 54.14 | 62.46 | NOTE | |
r-devel-linux-x86_64-debian-gcc | 1.2.5 | 7.47 | 41.51 | 48.98 | NOTE | |
r-devel-linux-x86_64-fedora-clang | 1.2.5 | 84.23 | NOTE | |||
r-devel-linux-x86_64-fedora-gcc | 1.2.5 | 74.72 | NOTE | |||
r-devel-windows-ix86+x86_64 | 1.2.5 | 18.00 | 86.00 | 104.00 | NOTE | |
r-devel-windows-x86_64-gcc10-UCRT | 1.2.5 | NOTE | ||||
r-patched-linux-x86_64 | 1.2.5 | 7.78 | 53.09 | 60.87 | OK | |
r-patched-solaris-x86 | 1.2.5 | 99.70 | OK | |||
r-release-linux-x86_64 | 1.2.5 | 8.46 | 52.17 | 60.63 | OK | |
r-release-macos-x86_64 | 1.2.5 | OK | ||||
r-release-windows-ix86+x86_64 | 1.2.5 | 15.00 | 113.00 | 128.00 | OK | |
r-oldrel-macos-x86_64 | 1.2.5 | OK | ||||
r-oldrel-windows-ix86+x86_64 | 1.2.5 | 16.00 | 77.00 | 93.00 | OK |
Version: 1.2.5
Check: LazyData
Result: NOTE
'LazyData' is specified without a 'data' directory
Flavors: r-devel-linux-x86_64-debian-clang, r-devel-linux-x86_64-debian-gcc, r-devel-linux-x86_64-fedora-clang, r-devel-linux-x86_64-fedora-gcc, r-devel-windows-ix86+x86_64, r-devel-windows-x86_64-gcc10-UCRT