CRAN Package Check Results for Package stplanr

Last updated on 2019-08-25 22:47:14 CEST.

Flavor Version Tinstall Tcheck Ttotal Status Flags
r-devel-linux-x86_64-debian-clang 0.3.0 41.18 212.12 253.30 OK
r-devel-linux-x86_64-debian-gcc 0.3.0 35.40 162.36 197.76 OK
r-devel-linux-x86_64-fedora-clang 0.3.0 309.63 NOTE
r-devel-linux-x86_64-fedora-gcc 0.3.0 344.93 OK
r-devel-windows-ix86+x86_64 0.3.0 129.00 472.00 601.00 NOTE
r-patched-linux-x86_64 0.3.0 38.51 208.23 246.74 OK
r-patched-solaris-x86 0.3.0 412.70 WARN
r-release-linux-x86_64 0.3.0 37.09 209.29 246.38 OK
r-release-windows-ix86+x86_64 0.3.0 139.00 0.00 139.00 FAIL
r-release-osx-x86_64 0.3.0 WARN
r-oldrel-windows-ix86+x86_64 0.3.0 103.00 408.00 511.00 NOTE
r-oldrel-osx-x86_64 0.3.0 WARN

Check Details

Version: 0.3.0
Check: installed package size
Result: NOTE
     installed size is 6.8Mb
     sub-directories of 1Mb or more:
     doc 3.5Mb
     libs 1.4Mb
Flavors: r-devel-linux-x86_64-fedora-clang, r-devel-windows-ix86+x86_64, r-patched-solaris-x86, r-release-windows-ix86+x86_64, r-release-osx-x86_64, r-oldrel-windows-ix86+x86_64, r-oldrel-osx-x86_64

Version: 0.3.0
Check: re-building of vignette outputs
Result: WARN
    Error(s) in re-building vignettes:
     ...
    --- re-building ‘stplanr-od.Rmd’ using rmarkdown
    Warning in engine$weave(file, quiet = quiet, encoding = enc) :
     Pandoc (>= 1.12.3) and/or pandoc-citeproc not available. Falling back to R Markdown v1.
    
    Attaching package: 'dplyr'
    
    The following objects are masked from 'package:stats':
    
     filter, lag
    
    The following objects are masked from 'package:base':
    
     intersect, setdiff, setequal, union
    
    Quitting from lines 184-188 (stplanr-od.Rmd)
    Error: processing vignette 'stplanr-od.Rmd' failed with diagnostics:
    there is no package called 'webshot'
    --- failed re-building ‘stplanr-od.Rmd’
    
    --- re-building ‘stplanr-paper.Rmd’ using rmarkdown
    Warning in engine$weave(file, quiet = quiet, encoding = enc) :
     Pandoc (>= 1.12.3) and/or pandoc-citeproc not available. Falling back to R Markdown v1.
    Parsed with column specification:
    cols(
     Function = col_character(),
     `Input data type(s)` = col_character(),
     `Output data type` = col_character()
    )
    Transforming to CRS +proj=aeqd +lat_0=53.81840897 +lon_0=-1.52833461 +x_0=0 +y_0=0 +ellps=WGS84
    Warning in igraph::get.shortest.paths(sln@g, x, output = "epath") :
     At structural_properties.c:4597 :Couldn't reach some vertices
    Warning in igraph::get.shortest.paths(sln@g, x, output = "epath") :
     At structural_properties.c:4597 :Couldn't reach some vertices
    Warning in igraph::get.shortest.paths(sln@g, x, output = "epath") :
     At structural_properties.c:4597 :Couldn't reach some vertices
    Warning in igraph::get.shortest.paths(sln@g, x, output = "epath") :
     At structural_properties.c:4597 :Couldn't reach some vertices
    Warning in igraph::get.shortest.paths(sln@g, x, output = "epath") :
     At structural_properties.c:4597 :Couldn't reach some vertices
    Warning in igraph::get.shortest.paths(sln@g, x, output = "epath") :
     At structural_properties.c:4597 :Couldn't reach some vertices
    Warning in igraph::get.shortest.paths(sln@g, x, output = "epath") :
     At structural_properties.c:4597 :Couldn't reach some vertices
    Warning in igraph::get.shortest.paths(sln@g, x, output = "epath") :
     At structural_properties.c:4597 :Couldn't reach some vertices
    Warning in igraph::get.shortest.paths(sln@g, x, output = "epath") :
     At structural_properties.c:4597 :Couldn't reach some vertices
    Warning in igraph::get.shortest.paths(sln@g, x, output = "epath") :
     At structural_properties.c:4597 :Couldn't reach some vertices
    Warning in igraph::get.shortest.paths(sln@g, x, output = "epath") :
     At structural_properties.c:4597 :Couldn't reach some vertices
    Transforming to CRS +proj=aeqd +lat_0=53.81907246 +lon_0=-1.52841182 +x_0=0 +y_0=0 +ellps=WGS84
    --- finished re-building ‘stplanr-paper.Rmd’
    
    --- re-building ‘stplanr-route-nets.Rmd’ using rmarkdown
    Warning in engine$weave(file, quiet = quiet, encoding = enc) :
     Pandoc (>= 1.12.3) and/or pandoc-citeproc not available. Falling back to R Markdown v1.
    2019-08-22 11:30:01 constructing segments
    2019-08-22 11:30:01 building geometry
    2019-08-22 11:30:01 simplifying geometry
    2019-08-22 11:30:01 aggregating flows
    2019-08-22 11:30:01 rejoining segments into linestrings
    --- finished re-building ‘stplanr-route-nets.Rmd’
    
    --- re-building ‘stplanr-routing.Rmd’ using rmarkdown
    Warning in engine$weave(file, quiet = quiet, encoding = enc) :
     Pandoc (>= 1.12.3) and/or pandoc-citeproc not available. Falling back to R Markdown v1.
    --- finished re-building ‘stplanr-routing.Rmd’
    
    --- re-building ‘stplanr.Rmd’ using rmarkdown
    Warning in engine$weave(file, quiet = quiet, encoding = enc) :
     Pandoc (>= 1.12.3) and/or pandoc-citeproc not available. Falling back to R Markdown v1.
    --- finished re-building ‘stplanr.Rmd’
    
    SUMMARY: processing the following file failed:
     ‘stplanr-od.Rmd’
    
    Error: Vignette re-building failed.
    Execution halted
Flavor: r-patched-solaris-x86

Version: 0.3.0
Check: re-building of vignette outputs
Result: FAIL
    Check process probably crashed or hung up for 20 minutes ... killed
    Most likely this happened in the example checks (?),
    if not, ignore the following last lines of example output:
    
    ======== End of example output (where/before crash/hang up occured ?) ========
Flavor: r-release-windows-ix86+x86_64

Version: 0.3.0
Check: re-building of vignette outputs
Result: WARN
    Error(s) in re-building vignettes:
    --- re-building ‘stplanr-od.Rmd’ using rmarkdown
    Warning in engine$weave(file, quiet = quiet, encoding = enc) :
     Pandoc (>= 1.12.3) and/or pandoc-citeproc not available. Falling back to R Markdown v1.
    
    Attaching package: 'dplyr'
    
    The following objects are masked from 'package:stats':
    
     filter, lag
    
    The following objects are masked from 'package:base':
    
     intersect, setdiff, setequal, union
    
    Quitting from lines 184-188 (stplanr-od.Rmd)
    Error: processing vignette 'stplanr-od.Rmd' failed with diagnostics:
    cannot open the connection
    --- failed re-building ‘stplanr-od.Rmd’
    
    --- re-building ‘stplanr-paper.Rmd’ using rmarkdown
    Warning in engine$weave(file, quiet = quiet, encoding = enc) :
     Pandoc (>= 1.12.3) and/or pandoc-citeproc not available. Falling back to R Markdown v1.
    Parsed with column specification:
    cols(
     Function = col_character(),
     `Input data type(s)` = col_character(),
     `Output data type` = col_character()
    )
    Transforming to CRS +proj=aeqd +lat_0=53.81840897 +lon_0=-1.52833461 +x_0=0 +y_0=0 +ellps=WGS84
    Warning in igraph::get.shortest.paths(sln@g, x, output = "epath") :
     At structural_properties.c:4597 :Couldn't reach some vertices
    Warning in igraph::get.shortest.paths(sln@g, x, output = "epath") :
     At structural_properties.c:4597 :Couldn't reach some vertices
    Warning in igraph::get.shortest.paths(sln@g, x, output = "epath") :
     At structural_properties.c:4597 :Couldn't reach some vertices
    Warning in igraph::get.shortest.paths(sln@g, x, output = "epath") :
     At structural_properties.c:4597 :Couldn't reach some vertices
    Warning in igraph::get.shortest.paths(sln@g, x, output = "epath") :
     At structural_properties.c:4597 :Couldn't reach some vertices
    Warning in igraph::get.shortest.paths(sln@g, x, output = "epath") :
     At structural_properties.c:4597 :Couldn't reach some vertices
    Warning in igraph::get.shortest.paths(sln@g, x, output = "epath") :
     At structural_properties.c:4597 :Couldn't reach some vertices
    Warning in igraph::get.shortest.paths(sln@g, x, output = "epath") :
     At structural_properties.c:4597 :Couldn't reach some vertices
    Warning in igraph::get.shortest.paths(sln@g, x, output = "epath") :
     At structural_properties.c:4597 :Couldn't reach some vertices
    Warning in igraph::get.shortest.paths(sln@g, x, output = "epath") :
     At structural_properties.c:4597 :Couldn't reach some vertices
    Warning in igraph::get.shortest.paths(sln@g, x, output = "epath") :
     At structural_properties.c:4597 :Couldn't reach some vertices
    Transforming to CRS +proj=aeqd +lat_0=53.81907246 +lon_0=-1.52841182 +x_0=0 +y_0=0 +ellps=WGS84
    --- finished re-building ‘stplanr-paper.Rmd’
    
    --- re-building ‘stplanr-route-nets.Rmd’ using rmarkdown
    Warning in engine$weave(file, quiet = quiet, encoding = enc) :
     Pandoc (>= 1.12.3) and/or pandoc-citeproc not available. Falling back to R Markdown v1.
    2019-07-31 14:47:11 constructing segments
    2019-07-31 14:47:11 building geometry
    2019-07-31 14:47:11 simplifying geometry
    2019-07-31 14:47:11 aggregating flows
    2019-07-31 14:47:11 rejoining segments into linestrings
    --- finished re-building ‘stplanr-route-nets.Rmd’
    
    --- re-building ‘stplanr-routing.Rmd’ using rmarkdown
    Warning in engine$weave(file, quiet = quiet, encoding = enc) :
     Pandoc (>= 1.12.3) and/or pandoc-citeproc not available. Falling back to R Markdown v1.
    --- finished re-building ‘stplanr-routing.Rmd’
    
    --- re-building ‘stplanr.Rmd’ using rmarkdown
    Warning in engine$weave(file, quiet = quiet, encoding = enc) :
     Pandoc (>= 1.12.3) and/or pandoc-citeproc not available. Falling back to R Markdown v1.
    --- finished re-building ‘stplanr.Rmd’
    
    SUMMARY: processing the following file failed:
     ‘stplanr-od.Rmd’
    
    Error: Vignette re-building failed.
    Execution halted
Flavor: r-release-osx-x86_64

Version: 0.3.0
Check: re-building of vignette outputs
Result: WARN
    Error in re-building vignettes:
     ...
    Warning in engine$weave(file, quiet = quiet, encoding = enc) :
     Pandoc (>= 1.12.3) and/or pandoc-citeproc not available. Falling back to R Markdown v1.
    
    Attaching package: 'dplyr'
    
    The following objects are masked from 'package:stats':
    
     filter, lag
    
    The following objects are masked from 'package:base':
    
     intersect, setdiff, setequal, union
    
    Quitting from lines 184-188 (stplanr-od.Rmd)
    Error: processing vignette 'stplanr-od.Rmd' failed with diagnostics:
    cannot open the connection
    Execution halted
Flavor: r-oldrel-osx-x86_64