Last updated on 2023-03-31 22:59:47 CEST.
Flavor | Version | Tinstall | Tcheck | Ttotal | Status | Flags |
---|---|---|---|---|---|---|
r-devel-linux-x86_64-debian-clang | 1.0.2 | 8.37 | 101.12 | 109.49 | OK | |
r-devel-linux-x86_64-debian-gcc | 1.0.2 | 6.51 | 75.59 | 82.10 | OK | |
r-devel-linux-x86_64-fedora-clang | 1.0.2 | 110.23 | OK | |||
r-devel-linux-x86_64-fedora-gcc | 1.0.2 | 106.47 | OK | |||
r-patched-linux-x86_64 | 1.0.2 | 10.96 | 95.94 | 106.90 | OK | |
r-release-linux-x86_64 | 1.0.2 | 10.15 | 93.60 | 103.75 | OK | |
r-release-macos-arm64 | 1.0.2 | 50.00 | OK | |||
r-release-macos-x86_64 | 1.0.2 | 65.00 | OK | |||
r-release-windows-x86_64 | 1.0.2 | 65.00 | 159.00 | 224.00 | OK | |
r-oldrel-macos-arm64 | 1.0.2 | 55.00 | OK | |||
r-oldrel-macos-x86_64 | 1.0.2 | 79.00 | OK | |||
r-oldrel-windows-ix86+x86_64 | 1.0.2 | 19.00 | 141.00 | 160.00 | NOTE |
Version: 1.0.2
Check: R code for possible problems
Result: NOTE
Initiating curl with CURL_SSL_BACKEND: openssl
Flavor: r-oldrel-windows-ix86+x86_64