Last updated on 2023-12-09 21:54:32 CET.
Flavor | Version | Tinstall | Tcheck | Ttotal | Status | Flags |
---|---|---|---|---|---|---|
r-devel-linux-x86_64-debian-clang | 0.1.5 | 130.66 | 24.32 | 154.98 | OK | |
r-devel-linux-x86_64-debian-gcc | 0.1.5 | 97.40 | 18.80 | 116.20 | OK | |
r-devel-linux-x86_64-fedora-clang | 0.1.5 | 209.50 | NOTE | |||
r-devel-linux-x86_64-fedora-gcc | 0.1.5 | 195.32 | NOTE | |||
r-devel-windows-x86_64 | 0.1.5 | 70.00 | 50.00 | 120.00 | OK | |
r-patched-linux-x86_64 | 0.1.5 | 123.14 | 23.62 | 146.76 | OK | |
r-release-linux-x86_64 | 0.1.5 | 132.48 | 23.33 | 155.81 | OK | |
r-release-macos-arm64 | 0.1.5 | 40.00 | OK | |||
r-release-macos-x86_64 | 0.1.5 | 66.00 | OK | |||
r-release-windows-x86_64 | 0.1.5 | 83.00 | 51.00 | 134.00 | OK | |
r-oldrel-macos-arm64 | 0.1.5 | 42.00 | OK | |||
r-oldrel-macos-x86_64 | 0.1.5 | 65.00 | OK | |||
r-oldrel-windows-x86_64 | 0.1.5 | 72.00 | 52.00 | 124.00 | OK |
Version: 0.1.5
Check: installed package size
Result: NOTE
installed size is 5.2Mb
sub-directories of 1Mb or more:
libs 5.1Mb
Flavor: r-devel-linux-x86_64-fedora-clang
Version: 0.1.5
Check: dependencies in R code
Result: NOTE
Namespace in Imports field not imported from: ‘tibble’
All declared Imports should be used.
Flavors: r-devel-linux-x86_64-fedora-clang, r-devel-linux-x86_64-fedora-gcc