Last updated on 2024-03-28 23:01:59 CET.
Flavor | Version | Tinstall | Tcheck | Ttotal | Status | Flags |
---|---|---|---|---|---|---|
r-devel-linux-x86_64-debian-clang | 1.5-3 | 10.58 | 104.09 | 114.67 | NOTE | |
r-devel-linux-x86_64-debian-gcc | 1.5-3 | 7.43 | 74.30 | 81.73 | NOTE | |
r-devel-linux-x86_64-fedora-clang | 1.5-3 | 135.19 | NOTE | |||
r-devel-linux-x86_64-fedora-gcc | 1.5-3 | 152.35 | NOTE | |||
r-devel-windows-x86_64 | 1.5-3 | 11.00 | 119.00 | 130.00 | NOTE | |
r-patched-linux-x86_64 | 1.5-3 | 8.94 | 99.33 | 108.27 | NOTE | |
r-release-linux-x86_64 | 1.5-3 | 9.42 | 96.63 | 106.05 | NOTE | |
r-release-macos-arm64 | 1.5-3 | 49.00 | NOTE | |||
r-release-macos-x86_64 | 1.5-3 | 79.00 | NOTE | |||
r-release-windows-x86_64 | 1.5-3 | 15.00 | 134.00 | 149.00 | NOTE | |
r-oldrel-macos-arm64 | 1.5-3 | 43.00 | NOTE | |||
r-oldrel-windows-x86_64 | 1.5-3 | 14.00 | 137.00 | 151.00 | NOTE |
Version: 1.5-3
Check: R code for possible problems
Result: NOTE
efpFunctional: multiple local function definitions for ‘plotProcess’
with different formal arguments
mefp.efp: multiple local function definitions for ‘computeEmpProc’ with
different formal arguments
Flavors: r-devel-linux-x86_64-debian-clang, r-devel-linux-x86_64-debian-gcc, r-devel-linux-x86_64-fedora-clang, r-devel-linux-x86_64-fedora-gcc, r-devel-windows-x86_64, r-patched-linux-x86_64, r-release-linux-x86_64, r-release-macos-arm64, r-release-macos-x86_64, r-release-windows-x86_64, r-oldrel-macos-arm64, r-oldrel-windows-x86_64