Last updated on 2023-02-03 22:57:40 CET.
Flavor | Version | Tinstall | Tcheck | Ttotal | Status | Flags |
---|---|---|---|---|---|---|
r-devel-linux-x86_64-debian-clang | 1.5-3-1.0.4 | 105.15 | 99.38 | 204.53 | NOTE | |
r-devel-linux-x86_64-debian-gcc | 1.5-3-1.0.4 | 84.20 | 73.19 | 157.39 | NOTE | |
r-devel-linux-x86_64-fedora-clang | 1.5-3-1.0.4 | 284.33 | NOTE | |||
r-devel-linux-x86_64-fedora-gcc | 1.5-3-1.0.4 | 284.66 | NOTE | |||
r-devel-windows-x86_64 | 1.5-3-1.0.4 | 173.00 | 188.00 | 361.00 | NOTE | |
r-patched-linux-x86_64 | 1.5-3-1.0.4 | 90.01 | 94.59 | 184.60 | OK | |
r-release-linux-x86_64 | 1.5-3-1.0.4 | 85.37 | 94.30 | 179.67 | OK | |
r-release-macos-arm64 | 1.5-3-1.0.4 | 64.00 | NOTE | |||
r-release-macos-x86_64 | 1.5-3-1.0.4 | 91.00 | NOTE | |||
r-release-windows-x86_64 | 1.5-3-1.0.4 | 136.00 | 185.00 | 321.00 | OK | |
r-oldrel-macos-arm64 | 1.5-3-1.0.4 | 105.00 | NOTE | |||
r-oldrel-macos-x86_64 | 1.5-3-1.0.4 | 88.00 | NOTE | |||
r-oldrel-windows-ix86+x86_64 | 1.5-3-1.0.4 | 250.00 | 174.00 | 424.00 | OK |
Version: 1.5-3-1.0.4
Check: Rd files
Result: NOTE
checkRd: (-1) SP2001.Rd:3: Escaped LaTeX specials: \&
checkRd: (-1) SP2001.Rd:5: Escaped LaTeX specials: \&
checkRd: (-1) SP2001.Rd:12: Escaped LaTeX specials: \&
Flavors: r-devel-linux-x86_64-debian-clang, r-devel-linux-x86_64-debian-gcc, r-devel-linux-x86_64-fedora-clang, r-devel-linux-x86_64-fedora-gcc, r-devel-windows-x86_64
Version: 1.5-3-1.0.4
Check: installed package size
Result: NOTE
installed size is 5.6Mb
sub-directories of 1Mb or more:
libs 4.2Mb
Flavors: r-release-macos-arm64, r-release-macos-x86_64, r-oldrel-macos-arm64, r-oldrel-macos-x86_64