Last updated on 2024-03-28 23:01:59 CET.
Flavor | Version | Tinstall | Tcheck | Ttotal | Status | Flags |
---|---|---|---|---|---|---|
r-devel-linux-x86_64-debian-clang | 0.7.4 | 30.18 | 174.74 | 204.92 | NOTE | |
r-devel-linux-x86_64-debian-gcc | 0.7.4 | 22.21 | 127.19 | 149.40 | NOTE | |
r-devel-linux-x86_64-fedora-clang | 0.7.4 | 253.25 | NOTE | |||
r-devel-linux-x86_64-fedora-gcc | 0.7.4 | 257.43 | NOTE | |||
r-devel-windows-x86_64 | 0.7.4 | 18.00 | 135.00 | 153.00 | NOTE | |
r-patched-linux-x86_64 | 0.7.4 | 31.03 | 168.94 | 199.97 | NOTE | |
r-release-linux-x86_64 | 0.7.4 | 19.69 | 151.94 | 171.63 | NOTE | |
r-release-macos-arm64 | 0.7.4 | 68.00 | NOTE | |||
r-release-macos-x86_64 | 0.7.4 | 142.00 | NOTE | |||
r-release-windows-x86_64 | 0.7.4 | 22.00 | 163.00 | 185.00 | NOTE | |
r-oldrel-macos-arm64 | 0.7.4 | 104.00 | OK | |||
r-oldrel-windows-x86_64 | 0.7.4 | 22.00 | 162.00 | 184.00 | OK |
Version: 0.7.4
Check: Rd \usage sections
Result: NOTE
S3 methods shown with full name in Rd file 'size.penalize.Rd':
‘size.penalize’
The \usage entries for S3 methods should use the \method markup and not
their full name.
See chapter ‘Writing R documentation files’ in the ‘Writing R
Extensions’ manual.
Flavors: r-devel-linux-x86_64-debian-clang, r-devel-linux-x86_64-debian-gcc, r-devel-linux-x86_64-fedora-clang, r-devel-linux-x86_64-fedora-gcc, r-devel-windows-x86_64, r-patched-linux-x86_64
Version: 0.7.4
Check: Rd \usage sections
Result: NOTE
S3 methods shown with full name in documentation object 'size.penalize':
‘size.penalize’
The \usage entries for S3 methods should use the \method markup and not
their full name.
See chapter ‘Writing R documentation files’ in the ‘Writing R
Extensions’ manual.
Flavors: r-release-linux-x86_64, r-release-macos-arm64, r-release-macos-x86_64, r-release-windows-x86_64
Version: 0.7.4
Check: package dependencies
Result: NOTE
Package suggested but not available for checking: ‘networkD3’
Flavor: r-release-macos-x86_64