CRAN Package Check Results for Package subformula

Last updated on 2021-04-12 22:51:18 CEST.

Flavor Version Tinstall Tcheck Ttotal Status Flags
r-devel-linux-x86_64-debian-clang 0.1.0 1.82 23.58 25.40 NOTE
r-devel-linux-x86_64-debian-gcc 0.1.0 1.54 18.58 20.12 NOTE
r-devel-linux-x86_64-fedora-clang 0.1.0 41.66 NOTE
r-devel-linux-x86_64-fedora-gcc 0.1.0 30.44 NOTE
r-devel-windows-ix86+x86_64 0.1.0 5.00 39.00 44.00 NOTE
r-devel-windows-x86_64-gcc10-UCRT 0.1.0 NOTE
r-patched-linux-x86_64 0.1.0 1.83 22.57 24.40 OK
r-patched-solaris-x86 0.1.0 51.40 OK
r-release-linux-x86_64 0.1.0 1.69 22.92 24.61 OK
r-release-macos-x86_64 0.1.0 OK
r-release-windows-ix86+x86_64 0.1.0 5.00 38.00 43.00 OK
r-oldrel-macos-x86_64 0.1.0 OK
r-oldrel-windows-ix86+x86_64 0.1.0 4.00 28.00 32.00 OK

Check Details

Version: 0.1.0
Check: LazyData
Result: NOTE
     'LazyData' is specified without a 'data' directory
Flavors: r-devel-linux-x86_64-debian-clang, r-devel-linux-x86_64-debian-gcc, r-devel-linux-x86_64-fedora-clang, r-devel-linux-x86_64-fedora-gcc, r-devel-windows-ix86+x86_64, r-devel-windows-x86_64-gcc10-UCRT