CRAN Package Check Results for Package subscreen

Last updated on 2019-08-21 22:48:51 CEST.

Flavor Version Tinstall Tcheck Ttotal Status Flags
r-devel-linux-x86_64-debian-clang 2.0.1 3.42 31.17 34.59 OK
r-devel-linux-x86_64-debian-gcc 2.0.1 OK
r-devel-linux-x86_64-fedora-clang 2.0.1 41.67 NOTE
r-devel-linux-x86_64-fedora-gcc 2.0.1 46.20 NOTE
r-devel-windows-ix86+x86_64 2.0.1 14.00 48.00 62.00 OK
r-patched-linux-x86_64 2.0.1 2.68 30.61 33.29 OK
r-patched-solaris-x86 2.0.1 69.00 NOTE
r-release-linux-x86_64 2.0.1 2.86 31.54 34.40 OK
r-release-windows-ix86+x86_64 2.0.1 9.00 46.00 55.00 OK
r-release-osx-x86_64 2.0.1 NOTE
r-oldrel-windows-ix86+x86_64 2.0.1 10.00 61.00 71.00 OK
r-oldrel-osx-x86_64 2.0.1 NOTE

Check Details

Version: 2.0.1
Check: dependencies in R code
Result: NOTE
    Namespaces in Imports field not imported from:
     ‘DT’ ‘V8’ ‘bsplus’ ‘colourpicker’ ‘dplyr’ ‘grDevices’ ‘graphics’
     ‘jsonlite’ ‘shinyjs’
     All declared Imports should be used.
Flavors: r-devel-linux-x86_64-fedora-clang, r-devel-linux-x86_64-fedora-gcc, r-patched-solaris-x86, r-release-osx-x86_64, r-oldrel-osx-x86_64