Last updated on 2024-04-17 23:00:12 CEST.
Flavor | Version | Tinstall | Tcheck | Ttotal | Status | Flags |
---|---|---|---|---|---|---|
r-devel-linux-x86_64-debian-clang | 0.1.0 | 2.87 | 27.88 | 30.75 | OK | |
r-devel-linux-x86_64-debian-gcc | 0.1.0 | 2.21 | 21.46 | 23.67 | OK | |
r-devel-linux-x86_64-fedora-clang | 0.1.0 | 39.12 | OK | |||
r-devel-linux-x86_64-fedora-gcc | 0.1.0 | 36.22 | OK | |||
r-prerel-macos-arm64 | 0.1.0 | 16.00 | OK | |||
r-prerel-windows-x86_64 | 0.1.0 | 3.00 | 42.00 | 45.00 | OK | |
r-patched-linux-x86_64 | 0.1.0 | 2.31 | 26.79 | 29.10 | OK | |
r-release-linux-x86_64 | 0.1.0 | 2.57 | 26.71 | 29.28 | OK | |
r-release-macos-arm64 | 0.1.0 | 20.00 | OK | |||
r-release-macos-x86_64 | 0.1.0 | 22.00 | NOTE | |||
r-release-windows-x86_64 | 0.1.0 | 4.00 | 44.00 | 48.00 | OK | |
r-oldrel-macos-arm64 | 0.1.0 | 16.00 | OK | |||
r-oldrel-windows-x86_64 | 0.1.0 | 5.00 | 51.00 | 56.00 | OK |
Version: 0.1.0
Check: package dependencies
Result: NOTE
Packages suggested but not available for checking: 'arm', 'caret', 'party'
Flavor: r-release-macos-x86_64