CRAN Package Check Results for Package subtee

Last updated on 2023-10-01 23:04:00 CEST.

Flavor Version Tinstall Tcheck Ttotal Status Flags
r-devel-linux-x86_64-debian-clang 1.0.1 13.06 266.48 279.54 OK
r-devel-linux-x86_64-debian-gcc 1.0.1 10.34 194.27 204.61 OK
r-devel-linux-x86_64-fedora-clang 1.0.1 331.74 OK
r-devel-linux-x86_64-fedora-gcc 1.0.1 339.43 OK
r-devel-windows-x86_64 1.0.1 11.00 197.00 208.00 OK
r-patched-linux-x86_64 1.0.1 11.55 254.72 266.27 OK
r-release-linux-x86_64 1.0.1 11.51 255.55 267.06 OK
r-release-macos-arm64 1.0.1 119.00 OK
r-release-macos-x86_64 1.0.1 185.00 OK
r-release-windows-x86_64 1.0.1 17.00 253.00 270.00 OK
r-oldrel-macos-arm64 1.0.1 86.00 OK
r-oldrel-macos-x86_64 1.0.1 175.00 OK
r-oldrel-windows-x86_64 1.0.1 15.00 206.00 221.00 ERROR

Check Details

Version: 1.0.1
Check: examples
Result: ERROR
    Running examples in 'subtee-Ex.R' failed
    The error most likely occurred in:
    
    > ### Name: get_prca_data
    > ### Title: Downloads the prca dataset to use in the package's examples
    > ### (Internet connection is required).
    > ### Aliases: get_prca_data
    >
    > ### ** Examples
    >
    > prca = get_prca_data()
    Error in curl::curl_fetch_memory(url, handle = handle) :
     Timeout was reached: [www.uniklinik-freiburg.de] SSL/TLS connection timeout
    Calls: get_prca_data ... request_fetch -> request_fetch.write_memory -> <Anonymous>
    Execution halted
Flavor: r-oldrel-windows-x86_64

Version: 1.0.1
Check: re-building of vignette outputs
Result: ERROR
    Error(s) in re-building vignettes:
    --- re-building 'plotting_functions.Rmd' using rmarkdown
    
    Quitting from lines 28-64 [unnamed-chunk-1] (plotting_functions.Rmd)
    Error: processing vignette 'plotting_functions.Rmd' failed with diagnostics:
    Timeout was reached: [www.uniklinik-freiburg.de] SSL/TLS connection timeout
    --- failed re-building 'plotting_functions.Rmd'
    
    --- re-building 'subbuild_function.Rmd' using rmarkdown
    trying URL 'https://www.uniklinik-freiburg.de/fileadmin/mediapool/08_institute/biometrie-statistik/Dateien/Studium_und_Lehre/Lehrbuecher/Multivariable_Model-building/adv_prostate_ca.zip'
    Content type 'application/zip' length 62590 bytes (61 KB)
    ==================================================
    downloaded 61 KB
    
    --- finished re-building 'subbuild_function.Rmd'
    
    --- re-building 'subtee_package.Rmd' using rmarkdown
    trying URL 'https://www.uniklinik-freiburg.de/fileadmin/mediapool/08_institute/biometrie-statistik/Dateien/Studium_und_Lehre/Lehrbuecher/Multivariable_Model-building/adv_prostate_ca.zip'
    Content type 'application/zip' length 62590 bytes (61 KB)
    ==================================================
    downloaded 61 KB
    
    --- finished re-building 'subtee_package.Rmd'
    
    SUMMARY: processing the following file failed:
     'plotting_functions.Rmd'
    
    Error: Vignette re-building failed.
    Execution halted
Flavor: r-oldrel-windows-x86_64