CRAN Package Check Results for Package success

Last updated on 2024-04-16 22:55:41 CEST.

Flavor Version Tinstall Tcheck Ttotal Status Flags
r-devel-linux-x86_64-debian-clang 1.0.1 16.82 304.33 321.15 NOTE
r-devel-linux-x86_64-debian-gcc 1.0.1 13.44 213.65 227.09 NOTE
r-devel-linux-x86_64-fedora-clang 1.0.1 383.88 NOTE
r-devel-linux-x86_64-fedora-gcc 1.0.1 385.93 NOTE
r-prerel-macos-arm64 1.0.1 107.00 NOTE
r-prerel-windows-x86_64 1.0.1 14.00 247.00 261.00 NOTE
r-patched-linux-x86_64 1.0.1 14.43 288.28 302.71 NOTE
r-release-linux-x86_64 1.0.1 10.20 284.39 294.59 NOTE
r-release-macos-arm64 1.0.1 114.00 OK
r-release-macos-x86_64 1.0.1 245.00 OK
r-release-windows-x86_64 1.0.1 19.00 292.00 311.00 OK
r-oldrel-macos-arm64 1.0.1 106.00 OK
r-oldrel-windows-x86_64 1.0.1 20.00 282.00 302.00 OK

Check Details

Version: 1.0.1
Check: package dependencies
Result: NOTE Package suggested but not available for checking: ‘vlad’ Flavors: r-devel-linux-x86_64-debian-clang, r-devel-linux-x86_64-debian-gcc, r-devel-linux-x86_64-fedora-clang, r-devel-linux-x86_64-fedora-gcc, r-patched-linux-x86_64, r-release-linux-x86_64

Version: 1.0.1
Check: Rd files
Result: NOTE checkRd: (-1) bernoulli_ARL.Rd:54: Lost braces; missing escapes or markup? 54 | depending on the state in which the process starts (E_0, E_1, ..., E_{n_grid-1}) | ^ checkRd: (-1) bernoulli_ARL.Rd:57: Lost braces; missing escapes or markup? 57 | discretized state spaces E_{i};} | ^ checkRd: (-1) bernoulli_RL_cdf.Rd:57: Lost braces; missing escapes or markup? 57 | depending on the state in which the process starts (E_0, E_1, ..., E_{n_grid-1}) | ^ checkRd: (-1) bernoulli_RL_cdf.Rd:60: Lost braces; missing escapes or markup? 60 | discretized state spaces E_{i};} | ^ checkRd: (-1) bk_cusum.Rd:92-94: Lost braces in \itemize; meant \describe ? checkRd: (-1) bk_cusum.Rd:95-97: Lost braces in \itemize; meant \describe ? checkRd: (-1) cgr_cusum.Rd:109-111: Lost braces in \itemize; meant \describe ? checkRd: (-1) cgr_cusum.Rd:112-114: Lost braces in \itemize; meant \describe ? checkRd: (-1) parameter_assist.Rd:58: Lost braces in \itemize; \value handles \item{}{} directly checkRd: (-1) parameter_assist.Rd:59: Lost braces in \itemize; \value handles \item{}{} directly checkRd: (-1) parameter_assist.Rd:60: Lost braces in \itemize; \value handles \item{}{} directly checkRd: (-1) parameter_assist.Rd:61-63: Lost braces in \itemize; \value handles \item{}{} directly checkRd: (-1) parameter_assist.Rd:64-66: Lost braces in \itemize; \value handles \item{}{} directly checkRd: (-1) parameter_assist.Rd:67: Lost braces in \itemize; \value handles \item{}{} directly checkRd: (-1) parameter_assist.Rd:68: Lost braces in \itemize; \value handles \item{}{} directly checkRd: (-1) parameter_assist.Rd:69: Lost braces in \itemize; \value handles \item{}{} directly checkRd: (-1) parameter_assist.Rd:70: Lost braces in \itemize; \value handles \item{}{} directly checkRd: (-1) parameter_assist.Rd:71: Lost braces in \itemize; \value handles \item{}{} directly Flavors: r-devel-linux-x86_64-debian-clang, r-devel-linux-x86_64-debian-gcc, r-devel-linux-x86_64-fedora-clang, r-devel-linux-x86_64-fedora-gcc, r-prerel-macos-arm64, r-prerel-windows-x86_64, r-patched-linux-x86_64