Last updated on 2021-04-12 22:51:18 CEST.
Flavor | Version | Tinstall | Tcheck | Ttotal | Status | Flags |
---|---|---|---|---|---|---|
r-devel-linux-x86_64-debian-clang | 0.1.3 | 5.95 | 112.73 | 118.68 | OK | |
r-devel-linux-x86_64-debian-gcc | 0.1.3 | 5.51 | 82.45 | 87.96 | OK | |
r-devel-linux-x86_64-fedora-clang | 0.1.3 | 148.34 | NOTE | |||
r-devel-linux-x86_64-fedora-gcc | 0.1.3 | 135.39 | NOTE | |||
r-devel-windows-ix86+x86_64 | 0.1.3 | 17.00 | 135.00 | 152.00 | OK | |
r-devel-windows-x86_64-gcc10-UCRT | 0.1.3 | NOTE | ||||
r-patched-linux-x86_64 | 0.1.3 | 7.25 | 108.34 | 115.59 | OK | |
r-patched-solaris-x86 | 0.1.3 | 201.60 | NOTE | |||
r-release-linux-x86_64 | 0.1.3 | 6.98 | 107.56 | 114.54 | OK | |
r-release-macos-x86_64 | 0.1.3 | NOTE | ||||
r-release-windows-ix86+x86_64 | 0.1.3 | 17.00 | 145.00 | 162.00 | OK | |
r-oldrel-macos-x86_64 | 0.1.3 | NOTE | ||||
r-oldrel-windows-ix86+x86_64 | 0.1.3 | 9.00 | 99.00 | 108.00 | OK |
Version: 0.1.3
Check: dependencies in R code
Result: NOTE
Namespaces in Imports field not imported from:
‘lwgeom’ ‘utf8’
All declared Imports should be used.
Flavors: r-devel-linux-x86_64-fedora-clang, r-devel-linux-x86_64-fedora-gcc, r-devel-windows-x86_64-gcc10-UCRT, r-patched-solaris-x86, r-release-macos-x86_64, r-oldrel-macos-x86_64