Last updated on 2024-03-28 23:01:59 CET.
Flavor | Version | Tinstall | Tcheck | Ttotal | Status | Flags |
---|---|---|---|---|---|---|
r-devel-linux-x86_64-debian-clang | 0.1.0 | 3.69 | 184.26 | 187.95 | NOTE | |
r-devel-linux-x86_64-debian-gcc | 0.1.0 | 3.86 | 130.15 | 134.01 | NOTE | |
r-devel-linux-x86_64-fedora-clang | 0.1.0 | 212.19 | NOTE | |||
r-devel-linux-x86_64-fedora-gcc | 0.1.0 | 209.12 | NOTE | |||
r-devel-windows-x86_64 | 0.1.0 | 5.00 | 131.00 | 136.00 | NOTE | |
r-patched-linux-x86_64 | 0.1.0 | 3.97 | 175.95 | 179.92 | NOTE | |
r-release-linux-x86_64 | 0.1.0 | 4.76 | 174.07 | 178.83 | NOTE | |
r-release-macos-arm64 | 0.1.0 | 63.00 | NOTE | |||
r-release-macos-x86_64 | 0.1.0 | 103.00 | NOTE | |||
r-release-windows-x86_64 | 0.1.0 | 6.00 | 175.00 | 181.00 | NOTE | |
r-oldrel-macos-arm64 | 0.1.0 | 46.00 | NOTE | |||
r-oldrel-windows-x86_64 | 0.1.0 | 7.00 | 169.00 | 176.00 | NOTE |
Version: 0.1.0
Check: LazyData
Result: NOTE
'LazyData' is specified without a 'data' directory
Flavors: r-devel-linux-x86_64-debian-clang, r-devel-linux-x86_64-debian-gcc, r-devel-linux-x86_64-fedora-clang, r-devel-linux-x86_64-fedora-gcc, r-devel-windows-x86_64, r-patched-linux-x86_64, r-release-linux-x86_64, r-release-macos-arm64, r-release-macos-x86_64, r-release-windows-x86_64, r-oldrel-macos-arm64, r-oldrel-windows-x86_64