Last updated on 2023-10-01 23:04:00 CEST.
Flavor | Version | Tinstall | Tcheck | Ttotal | Status | Flags |
---|---|---|---|---|---|---|
r-devel-linux-x86_64-debian-clang | 0.1.0-1 | 40.77 | 330.72 | 371.49 | OK | |
r-devel-linux-x86_64-debian-gcc | 0.1.0-1 | 29.36 | 218.71 | 248.07 | OK | |
r-devel-linux-x86_64-fedora-clang | 0.1.0-1 | 451.26 | NOTE | |||
r-devel-linux-x86_64-fedora-gcc | 0.1.0-1 | 463.08 | NOTE | |||
r-devel-windows-x86_64 | 0.1.0-1 | 34.00 | 296.00 | 330.00 | OK | |
r-patched-linux-x86_64 | 0.1.0-1 | 38.67 | 309.04 | 347.71 | OK | |
r-release-linux-x86_64 | 0.1.0-1 | 39.16 | 316.27 | 355.43 | OK | |
r-release-macos-arm64 | 0.1.0-1 | 128.00 | OK | |||
r-release-macos-x86_64 | 0.1.0-1 | 204.00 | OK | |||
r-release-windows-x86_64 | 0.1.0-1 | 41.00 | 370.00 | 411.00 | OK | |
r-oldrel-macos-arm64 | 0.1.0-1 | 102.00 | NOTE | |||
r-oldrel-macos-x86_64 | 0.1.0-1 | 150.00 | NOTE | |||
r-oldrel-windows-x86_64 | 0.1.0-1 | 40.00 | 357.00 | 397.00 | OK |
Version: 0.1.0-1
Check: dependencies in R code
Result: NOTE
Namespaces in Imports field not imported from:
‘doParallel’ ‘pROC’
All declared Imports should be used.
Flavors: r-devel-linux-x86_64-fedora-clang, r-devel-linux-x86_64-fedora-gcc, r-oldrel-macos-arm64, r-oldrel-macos-x86_64