Last updated on 2024-04-22 23:10:06 CEST.
Flavor | Version | Tinstall | Tcheck | Ttotal | Status | Flags |
---|---|---|---|---|---|---|
r-devel-linux-x86_64-debian-clang | 1.0-5 | 11.82 | 114.51 | 126.33 | NOTE | |
r-devel-linux-x86_64-debian-gcc | 1.0-5 | 10.77 | 83.25 | 94.02 | NOTE | |
r-devel-linux-x86_64-fedora-clang | 1.0-5 | 165.75 | NOTE | |||
r-devel-linux-x86_64-fedora-gcc | 1.0-5 | 155.23 | NOTE | |||
r-prerel-macos-arm64 | 1.0-5 | 41.00 | NOTE | |||
r-prerel-windows-x86_64 | 1.0-5 | 11.00 | 93.00 | 104.00 | NOTE | |
r-patched-linux-x86_64 | 1.0-5 | 11.92 | 109.77 | 121.69 | NOTE | |
r-release-linux-x86_64 | 1.0-5 | 8.17 | 111.26 | 119.43 | NOTE | |
r-release-macos-arm64 | 1.0-5 | 50.00 | NOTE | |||
r-release-macos-x86_64 | 1.0-5 | 78.00 | NOTE | |||
r-release-windows-x86_64 | 1.0-5 | 15.00 | 114.00 | 129.00 | NOTE | |
r-oldrel-macos-arm64 | 1.0-5 | 41.00 | NOTE | |||
r-oldrel-windows-x86_64 | 1.0-5 | 16.00 | 115.00 | 131.00 | NOTE |
Version: 1.0-5
Check: LazyData
Result: NOTE
'LazyData' is specified without a 'data' directory
Flavors: r-devel-linux-x86_64-debian-clang, r-devel-linux-x86_64-debian-gcc, r-devel-linux-x86_64-fedora-clang, r-devel-linux-x86_64-fedora-gcc, r-prerel-macos-arm64, r-prerel-windows-x86_64, r-patched-linux-x86_64, r-release-linux-x86_64, r-release-macos-arm64, r-release-macos-x86_64, r-release-windows-x86_64, r-oldrel-macos-arm64, r-oldrel-windows-x86_64