Last updated on 2023-10-02 22:08:13 CEST.
Flavor | Version | Tinstall | Tcheck | Ttotal | Status | Flags |
---|---|---|---|---|---|---|
r-devel-linux-x86_64-debian-clang | 0.2.1 | 300.35 | 390.38 | 690.73 | NOTE | |
r-devel-linux-x86_64-debian-gcc | 0.2.1 | 248.20 | 297.14 | 545.34 | NOTE | |
r-devel-linux-x86_64-fedora-clang | 0.2.1 | 858.33 | NOTE | |||
r-devel-linux-x86_64-fedora-gcc | 0.2.1 | 995.85 | NOTE | |||
r-devel-windows-x86_64 | 0.2.1 | 235.00 | 340.00 | 575.00 | NOTE | |
r-patched-linux-x86_64 | 0.2.1 | 226.55 | 393.08 | 619.63 | NOTE | |
r-release-linux-x86_64 | 0.2.1 | 242.31 | 393.35 | 635.66 | NOTE | |
r-release-macos-arm64 | 0.2.1 | 211.00 | NOTE | |||
r-release-macos-x86_64 | 0.2.1 | 319.00 | NOTE | |||
r-release-windows-x86_64 | 0.2.1 | 296.00 | 406.00 | 702.00 | NOTE | |
r-oldrel-macos-arm64 | 0.2.1 | 147.00 | NOTE | |||
r-oldrel-macos-x86_64 | 0.2.1 | 233.00 | NOTE | |||
r-oldrel-windows-x86_64 | 0.2.1 | 281.00 | 488.00 | 769.00 | NOTE |
Version: 0.2.1
Check: for GNU extensions in Makefiles
Result: NOTE
GNU make is a SystemRequirements.
Flavors: r-devel-linux-x86_64-debian-clang, r-devel-linux-x86_64-debian-gcc, r-devel-linux-x86_64-fedora-clang, r-devel-linux-x86_64-fedora-gcc, r-devel-windows-x86_64, r-patched-linux-x86_64, r-release-linux-x86_64, r-release-macos-arm64, r-release-macos-x86_64, r-release-windows-x86_64, r-oldrel-macos-arm64, r-oldrel-macos-x86_64, r-oldrel-windows-x86_64
Version: 0.2.1
Check: dependencies in R code
Result: NOTE
Namespaces in Imports field not imported from:
‘RcppParallel’ ‘rstantools’
All declared Imports should be used.
Flavors: r-devel-linux-x86_64-fedora-clang, r-devel-linux-x86_64-fedora-gcc, r-oldrel-macos-arm64, r-oldrel-macos-x86_64
Version: 0.2.1
Check: installed package size
Result: NOTE
installed size is 47.2Mb
sub-directories of 1Mb or more:
libs 45.9Mb
Flavors: r-release-macos-arm64, r-release-macos-x86_64, r-oldrel-macos-arm64, r-oldrel-macos-x86_64