CRAN Package Check Results for Package survival

Last updated on 2017-12-13 21:51:14 CET.

Flavor Version Tinstall Tcheck Ttotal Status Flags
r-devel-linux-x86_64-debian-clang 2.41-3 34.19 329.13 363.32 OK
r-devel-linux-x86_64-debian-gcc 2.41-3 27.21 85.12 112.33 FAIL
r-devel-linux-x86_64-fedora-clang 2.41-3 471.95 NOTE
r-devel-linux-x86_64-fedora-gcc 2.41-3 474.95 NOTE
r-devel-windows-ix86+x86_64 2.41-3 107.00 514.00 621.00 NOTE
r-patched-linux-x86_64 2.41-3 33.84 354.48 388.32 OK
r-patched-solaris-x86 2.41-3 NOTE
r-release-linux-x86_64 2.41-3 33.12 357.24 390.36 OK
r-release-windows-ix86+x86_64 2.41-3 88.00 698.00 786.00 NOTE
r-release-osx-x86_64 2.41-3 NOTE
r-oldrel-windows-ix86+x86_64 2.41-3 84.00 639.00 723.00 NOTE
r-oldrel-osx-x86_64 2.41-3 NOTE

Check Details

Version: 2.41-3
Check: pragmas in C/C++ headers and code
Result: FAIL
    
Flavor: r-devel-linux-x86_64-debian-gcc

Version: 2.41-3
Check: installed package size
Result: NOTE
     installed size is 6.3Mb
     sub-directories of 1Mb or more:
     data 1.9Mb
     doc 2.6Mb
Flavors: r-devel-linux-x86_64-fedora-clang, r-devel-linux-x86_64-fedora-gcc, r-devel-windows-ix86+x86_64, r-patched-solaris-x86, r-release-windows-ix86+x86_64, r-release-osx-x86_64, r-oldrel-windows-ix86+x86_64, r-oldrel-osx-x86_64