CRAN Package Check Results for Package survival

Last updated on 2017-05-22 21:48:37.

Flavor Version Tinstall Tcheck Ttotal Status Flags
r-devel-linux-x86_64-debian-clang 2.41-3 25.72 222.13 247.86 OK
r-devel-linux-x86_64-debian-gcc 2.41-3 24.20 216.79 240.99 OK
r-devel-linux-x86_64-fedora-clang 2.41-3 569.47 NOTE --no-stop-on-test-error
r-devel-linux-x86_64-fedora-gcc 2.41-3 509.71 NOTE --no-stop-on-test-error
r-devel-windows-ix86+x86_64 2.41-3 98.00 524.00 622.00 NOTE
r-patched-linux-x86_64 2.41-3 23.94 214.62 238.56 OK
r-patched-solaris-sparc 2.41-3 NOTE
r-patched-solaris-x86 2.41-3 NOTE
r-release-linux-x86_64 2.41-3 23.28 215.90 239.19 OK
r-release-windows-ix86+x86_64 2.41-3 77.00 707.00 784.00 NOTE
r-release-osx-x86_64 2.41-3 NOTE
r-oldrel-windows-ix86+x86_64 2.41-3 106.00 651.00 757.00 NOTE
r-oldrel-osx-x86_64 2.41-3 NOTE

Check Details

Version: 2.41-3
Flags: --no-stop-on-test-error
Check: installed package size
Result: NOTE
     installed size is 6.3Mb
     sub-directories of 1Mb or more:
     data 1.9Mb
     doc 2.6Mb
Flavors: r-devel-linux-x86_64-fedora-clang, r-devel-linux-x86_64-fedora-gcc

Version: 2.41-3
Check: installed package size
Result: NOTE
     installed size is 6.1Mb
     sub-directories of 1Mb or more:
     data 1.9Mb
     doc 2.6Mb
Flavors: r-devel-windows-ix86+x86_64, r-patched-solaris-sparc, r-patched-solaris-x86, r-release-windows-ix86+x86_64, r-release-osx-x86_64, r-oldrel-windows-ix86+x86_64, r-oldrel-osx-x86_64