Last updated on 2023-06-09 22:58:41 CEST.
Flavor | Version | Tinstall | Tcheck | Ttotal | Status | Flags |
---|---|---|---|---|---|---|
r-devel-linux-x86_64-debian-clang | 3.5-5 | 71.18 | 647.66 | 718.84 | OK | |
r-devel-linux-x86_64-debian-gcc | 3.5-5 | 55.58 | 496.75 | 552.33 | OK | |
r-devel-linux-x86_64-fedora-clang | 3.5-5 | 923.18 | NOTE | |||
r-devel-linux-x86_64-fedora-gcc | 3.5-5 | 907.89 | OK | |||
r-devel-windows-x86_64 | 3.5-5 | 77.00 | 667.00 | 744.00 | NOTE | |
r-patched-linux-x86_64 | 3.5-5 | 63.04 | 625.99 | 689.03 | OK | |
r-release-linux-x86_64 | 3.5-5 | 63.24 | 618.42 | 681.66 | OK | |
r-release-macos-arm64 | 3.5-5 | 323.00 | NOTE | |||
r-release-macos-x86_64 | 3.5-5 | 546.00 | NOTE | |||
r-release-windows-x86_64 | 3.5-5 | 94.00 | 726.00 | 820.00 | NOTE | |
r-oldrel-macos-arm64 | 3.5-5 | 284.00 | NOTE | |||
r-oldrel-macos-x86_64 | 3.5-5 | 387.00 | NOTE | |||
r-oldrel-windows-x86_64 | 3.5-5 | 93.00 | 752.00 | 845.00 | NOTE |
Version: 3.5-5
Check: installed package size
Result: NOTE
installed size is 7.7Mb
sub-directories of 1Mb or more:
R 1.2Mb
data 1.9Mb
doc 3.5Mb
Flavors: r-devel-linux-x86_64-fedora-clang, r-devel-windows-x86_64, r-release-macos-arm64, r-release-macos-x86_64, r-release-windows-x86_64, r-oldrel-macos-arm64, r-oldrel-macos-x86_64, r-oldrel-windows-x86_64