CRAN Package Check Results for Package survival

Last updated on 2017-08-20 22:46:47.

Flavor Version Tinstall Tcheck Ttotal Status Flags
r-devel-linux-x86_64-debian-clang 2.41-3 24.58 222.05 246.63 OK
r-devel-linux-x86_64-debian-gcc 2.41-3 24.65 211.97 236.63 OK
r-devel-linux-x86_64-fedora-clang 2.41-3 529.85 NOTE
r-devel-linux-x86_64-fedora-gcc 2.41-3 519.48 NOTE
r-devel-windows-ix86+x86_64 2.41-3 79.00 488.00 567.00 NOTE
r-patched-linux-x86_64 2.41-3 23.89 214.45 238.34 OK
r-patched-solaris-x86 2.41-3 NOTE
r-release-linux-x86_64 2.41-3 24.03 216.56 240.59 OK
r-release-windows-ix86+x86_64 2.41-3 129.00 518.00 647.00 NOTE
r-release-osx-x86_64 2.41-3 NOTE
r-oldrel-windows-ix86+x86_64 2.41-3 81.00 475.00 556.00 NOTE
r-oldrel-osx-x86_64 2.41-3 NOTE

Check Details

Version: 2.41-3
Check: installed package size
Result: NOTE
     installed size is 6.3Mb
     sub-directories of 1Mb or more:
     data 1.9Mb
     doc 2.6Mb
Flavors: r-devel-linux-x86_64-fedora-clang, r-devel-linux-x86_64-fedora-gcc, r-devel-windows-ix86+x86_64, r-patched-solaris-x86, r-release-windows-ix86+x86_64, r-release-osx-x86_64, r-oldrel-windows-ix86+x86_64, r-oldrel-osx-x86_64