CRAN Package Check Results for Package survival

Last updated on 2017-04-22 22:47:46.

Flavor Version Tinstall Tcheck Ttotal Status Flags
r-devel-linux-x86_64-debian-clang 2.41-3 25.82 220.88 246.70 OK
r-devel-linux-x86_64-debian-gcc 2.41-3 23.72 214.89 238.62 OK
r-devel-linux-x86_64-fedora-clang 2.41-3 585.66 NOTE --no-stop-on-test-error
r-devel-linux-x86_64-fedora-gcc 2.41-3 521.19 NOTE --no-stop-on-test-error
r-devel-windows-ix86+x86_64 2.41-2 85.00 758.00 843.00 NOTE
r-patched-linux-x86_64 2.41-3 23.21 213.31 236.52 OK
r-patched-solaris-sparc 2.41-3 NOTE
r-patched-solaris-x86 2.41-3 NOTE
r-release-linux-x86_64 2.41-3 23.93 214.52 238.45 OK
r-release-windows-ix86+x86_64 2.41-2 85.00 758.00 843.00 NOTE
r-release-osx-x86_64 2.41-3 NOTE
r-oldrel-windows-ix86+x86_64 2.41-3 81.00 493.00 574.00 NOTE
r-oldrel-osx-x86_64 2.41-3 NOTE

Check Details

Version: 2.41-3
Flags: --no-stop-on-test-error
Check: installed package size
Result: NOTE
     installed size is 6.3Mb
     sub-directories of 1Mb or more:
     data 1.9Mb
     doc 2.6Mb
Flavors: r-devel-linux-x86_64-fedora-clang, r-devel-linux-x86_64-fedora-gcc

Version: 2.41-2
Check: installed package size
Result: NOTE
     installed size is 6.1Mb
     sub-directories of 1Mb or more:
     data 1.9Mb
     doc 2.6Mb
Flavors: r-devel-windows-ix86+x86_64, r-release-windows-ix86+x86_64

Version: 2.41-3
Check: installed package size
Result: NOTE
     installed size is 6.6Mb
     sub-directories of 1Mb or more:
     R 1.0Mb
     data 1.9Mb
     doc 2.9Mb
Flavors: r-patched-solaris-sparc, r-patched-solaris-x86, r-release-osx-x86_64, r-oldrel-windows-ix86+x86_64, r-oldrel-osx-x86_64