CRAN Package Check Results for Package survival

Last updated on 2018-02-24 22:47:51 CET.

Flavor Version Tinstall Tcheck Ttotal Status Flags
r-devel-linux-x86_64-debian-clang 2.41-3 34.78 348.88 383.66 OK
r-devel-linux-x86_64-debian-gcc 2.41-3 30.59 272.10 302.69 OK
r-devel-linux-x86_64-fedora-clang 2.41-3 474.32 NOTE
r-devel-linux-x86_64-fedora-gcc 2.41-3 456.60 NOTE
r-devel-windows-ix86+x86_64 2.41-3 126.00 713.00 839.00 NOTE
r-patched-linux-x86_64 2.41-3 34.52 354.99 389.51 OK
r-patched-solaris-x86 2.41-3 NOTE
r-release-linux-x86_64 2.41-3 33.65 354.40 388.05 OK
r-release-windows-ix86+x86_64 2.41-3 96.00 677.00 773.00 NOTE
r-release-osx-x86_64 2.41-3 NOTE
r-oldrel-windows-ix86+x86_64 2.41-3 80.00 676.00 756.00 NOTE
r-oldrel-osx-x86_64 2.41-3 NOTE

Check Details

Version: 2.41-3
Check: installed package size
Result: NOTE
     installed size is 6.3Mb
     sub-directories of 1Mb or more:
     data 1.9Mb
     doc 2.6Mb
Flavors: r-devel-linux-x86_64-fedora-clang, r-devel-linux-x86_64-fedora-gcc, r-devel-windows-ix86+x86_64, r-patched-solaris-x86, r-release-windows-ix86+x86_64, r-release-osx-x86_64, r-oldrel-windows-ix86+x86_64, r-oldrel-osx-x86_64