CRAN Package Check Results for Package survival

Last updated on 2017-03-26 21:48:17.

Flavor Version Tinstall Tcheck Ttotal Status Flags
r-devel-linux-x86_64-debian-clang 2.41-2 26.67 226.44 253.11 OK
r-devel-linux-x86_64-debian-gcc 2.41-2 24.55 219.16 243.71 OK
r-devel-linux-x86_64-fedora-clang 2.41-2 535.11 NOTE --no-stop-on-test-error
r-devel-linux-x86_64-fedora-gcc 2.41-2 520.86 NOTE --no-stop-on-test-error
r-devel-macos-x86_64-clang 2.41-2 398.40 NOTE --no-stop-on-test-error
r-devel-windows-ix86+x86_64 2.41-2 85.00 758.00 843.00 NOTE
r-patched-linux-x86_64 2.41-2 23.92 213.94 237.85 OK
r-patched-solaris-sparc 2.41-2 NOTE
r-patched-solaris-x86 2.41-2 NOTE
r-release-linux-x86_64 2.41-2 21.59 206.95 228.54 OK
r-release-osx-x86_64-mavericks 2.41-2 NOTE
r-release-windows-ix86+x86_64 2.41-2 116.00 529.00 645.00 NOTE
r-oldrel-windows-ix86+x86_64 2.41-2 81.00 569.00 650.00 NOTE

Check Details

Version: 2.41-2
Flags: --no-stop-on-test-error
Check: installed package size
Result: NOTE
     installed size is 6.3Mb
     sub-directories of 1Mb or more:
     data 1.9Mb
     doc 2.6Mb
Flavors: r-devel-linux-x86_64-fedora-clang, r-devel-linux-x86_64-fedora-gcc, r-devel-macos-x86_64-clang

Version: 2.41-2
Check: installed package size
Result: NOTE
     installed size is 6.1Mb
     sub-directories of 1Mb or more:
     data 1.9Mb
     doc 2.6Mb
Flavors: r-devel-windows-ix86+x86_64, r-patched-solaris-sparc, r-patched-solaris-x86, r-release-osx-x86_64-mavericks, r-release-windows-ix86+x86_64, r-oldrel-windows-ix86+x86_64