Last updated on 2023-06-04 23:00:14 CEST.
Flavor | Version | Tinstall | Tcheck | Ttotal | Status | Flags |
---|---|---|---|---|---|---|
r-devel-linux-x86_64-debian-clang | 0.4.9 | 17.67 | 263.37 | 281.04 | OK | |
r-devel-linux-x86_64-debian-gcc | 0.4.9 | 13.52 | 191.12 | 204.64 | OK | |
r-devel-linux-x86_64-fedora-clang | 0.4.9 | 347.43 | NOTE | |||
r-devel-linux-x86_64-fedora-gcc | 0.4.9 | 339.82 | OK | |||
r-devel-windows-x86_64 | 0.4.9 | 17.00 | 217.00 | 234.00 | NOTE | |
r-patched-linux-x86_64 | 0.4.9 | 23.92 | 243.96 | 267.88 | OK | |
r-release-linux-x86_64 | 0.4.9 | 15.47 | 245.21 | 260.68 | OK | |
r-release-macos-arm64 | 0.4.9 | 103.00 | NOTE | |||
r-release-macos-x86_64 | 0.4.9 | 165.00 | NOTE | |||
r-release-windows-x86_64 | 0.4.9 | 20.00 | 273.00 | 293.00 | NOTE | |
r-oldrel-macos-arm64 | 0.4.9 | 87.00 | NOTE | |||
r-oldrel-macos-x86_64 | 0.4.9 | 158.00 | NOTE | |||
r-oldrel-windows-x86_64 | 0.4.9 | 22.00 | 278.00 | 300.00 | NOTE |
Version: 0.4.9
Check: installed package size
Result: NOTE
installed size is 6.1Mb
sub-directories of 1Mb or more:
doc 5.6Mb
Flavors: r-devel-linux-x86_64-fedora-clang, r-devel-windows-x86_64, r-release-macos-arm64, r-release-macos-x86_64, r-release-windows-x86_64, r-oldrel-macos-arm64, r-oldrel-macos-x86_64, r-oldrel-windows-x86_64