CRAN Package Check Results for Package svKomodo

Last updated on 2024-04-12 22:55:50 CEST.

Flavor Version Tinstall Tcheck Ttotal Status Flags
r-devel-linux-x86_64-debian-clang 1.0.0 2.12 28.69 30.81 NOTE
r-devel-linux-x86_64-debian-gcc 1.0.0 2.19 21.82 24.01 NOTE
r-devel-linux-x86_64-fedora-clang 1.0.0 38.37 NOTE
r-devel-linux-x86_64-fedora-gcc 1.0.0 37.10 NOTE
r-devel-windows-x86_64 1.0.0 3.00 43.00 46.00 NOTE
r-patched-linux-x86_64 1.0.0 2.90 27.13 30.03 NOTE
r-release-linux-x86_64 1.0.0 2.95 26.83 29.78 OK
r-release-macos-arm64 1.0.0 17.00 OK
r-release-macos-x86_64 1.0.0 23.00 OK
r-release-windows-x86_64 1.0.0 4.00 43.00 47.00 OK
r-oldrel-macos-arm64 1.0.0 16.00 OK
r-oldrel-windows-x86_64 1.0.0 4.00 49.00 53.00 OK

Check Details

Version: 1.0.0
Check: Rd files
Result: NOTE checkRd: (-1) koInstall.Rd:24: Lost braces; missing escapes or markup? 24 | set, svKomodo loads {svSocket}, starts the socket server listening to the | ^ checkRd: (-1) svKomodo-package.Rd:18: Lost braces; missing escapes or markup? 18 | Komodo and (2) the present {svKomodo} R package that work hand in hand to | ^ checkRd: (-1) svKomodo-package.Rd:28: Lost braces; missing escapes or markup? 28 | Nevertheless, the SciViews-K Komodo addin and the {svKomodo} R package | ^ checkRd: (-1) svKomodo-package.Rd:31: Lost braces; missing escapes or markup? 31 | communication protocols developed in the {svSocket} and {svHttp} R packages. | ^ checkRd: (-1) svKomodo-package.Rd:31: Lost braces; missing escapes or markup? 31 | communication protocols developed in the {svSocket} and {svHttp} R packages. | ^ checkRd: (-1) svKomodo-package.Rd:37: Lost braces; missing escapes or markup? 37 | Both SciViews-K and {svKomodo} should be considered archived items. I keep | ^ Flavors: r-devel-linux-x86_64-debian-clang, r-devel-linux-x86_64-debian-gcc, r-devel-linux-x86_64-fedora-clang, r-devel-linux-x86_64-fedora-gcc, r-devel-windows-x86_64, r-patched-linux-x86_64