Last updated on 2024-04-23 22:55:39 CEST.
Flavor | Version | Tinstall | Tcheck | Ttotal | Status | Flags |
---|---|---|---|---|---|---|
r-devel-linux-x86_64-debian-clang | 2.1.3 | 12.54 | 35.17 | 47.71 | NOTE | |
r-devel-linux-x86_64-debian-gcc | 2.1.3 | 12.49 | 27.35 | 39.84 | NOTE | |
r-devel-linux-x86_64-fedora-clang | 2.1.3 | 68.94 | NOTE | |||
r-devel-linux-x86_64-fedora-gcc | 2.1.3 | 79.00 | NOTE | |||
r-prerel-macos-arm64 | 2.1.3 | 31.00 | NOTE | |||
r-prerel-windows-x86_64 | 2.1.3 | 14.00 | 73.00 | 87.00 | OK | |
r-patched-linux-x86_64 | 2.1.3 | 14.04 | 33.59 | 47.63 | NOTE | |
r-release-linux-x86_64 | 2.1.3 | 14.19 | 32.29 | 46.48 | NOTE | |
r-release-macos-arm64 | 2.1.3 | 36.00 | NOTE | |||
r-release-macos-x86_64 | 2.1.3 | 77.00 | NOTE | |||
r-release-windows-x86_64 | 2.1.3 | 18.00 | 82.00 | 100.00 | OK | |
r-oldrel-macos-arm64 | 2.1.3 | 34.00 | OK | |||
r-oldrel-windows-x86_64 | 2.1.3 | 15.00 | 75.00 | 90.00 | OK |
Version: 2.1.3
Check: C++ specification
Result: NOTE
Specified C++11: please drop specification unless essential
Flavors: r-devel-linux-x86_64-debian-clang, r-devel-linux-x86_64-debian-gcc, r-devel-linux-x86_64-fedora-clang, r-devel-linux-x86_64-fedora-gcc, r-prerel-macos-arm64, r-patched-linux-x86_64, r-release-linux-x86_64, r-release-macos-arm64, r-release-macos-x86_64
Version: 2.1.3
Check: compiled code
Result: NOTE
File ‘svglite/libs/svglite.so’:
Found non-API calls to R: ‘SETLENGTH’, ‘SET_TRUELENGTH’
Compiled code should not call non-API entry points in R.
See ‘Writing portable packages’ in the ‘Writing R Extensions’ manual.
Flavors: r-devel-linux-x86_64-debian-clang, r-devel-linux-x86_64-debian-gcc, r-devel-linux-x86_64-fedora-clang, r-devel-linux-x86_64-fedora-gcc