Last updated on 2023-06-09 22:58:41 CEST.
Flavor | Version | Tinstall | Tcheck | Ttotal | Status | Flags |
---|---|---|---|---|---|---|
r-devel-linux-x86_64-debian-clang | 0.1.4 | 143.63 | 67.71 | 211.34 | NOTE | |
r-devel-linux-x86_64-debian-gcc | 0.1.4 | 123.97 | 55.84 | 179.81 | NOTE | |
r-devel-linux-x86_64-fedora-clang | 0.1.4 | 274.24 | NOTE | |||
r-devel-linux-x86_64-fedora-gcc | 0.1.4 | 324.29 | NOTE | |||
r-devel-windows-x86_64 | 0.1.4 | 104.00 | 118.00 | 222.00 | NOTE | |
r-patched-linux-x86_64 | 0.1.4 | 136.74 | 70.63 | 207.37 | NOTE | |
r-release-linux-x86_64 | 0.1.4 | 134.16 | 70.26 | 204.42 | NOTE | |
r-release-macos-arm64 | 0.1.4 | 95.00 | NOTE | |||
r-release-macos-x86_64 | 0.1.4 | 144.00 | NOTE | |||
r-release-windows-x86_64 | 0.1.4 | 132.00 | 135.00 | 267.00 | NOTE | |
r-oldrel-macos-arm64 | 0.1.4 | 90.00 | NOTE | |||
r-oldrel-macos-x86_64 | 0.1.4 | 104.00 | NOTE | |||
r-oldrel-windows-x86_64 | 0.1.4 | 127.00 | 127.00 | 254.00 | NOTE |
Version: 0.1.4
Check: C++ specification
Result: NOTE
Specified C++11: please drop specification unless essential
Flavors: r-devel-linux-x86_64-debian-clang, r-devel-linux-x86_64-debian-gcc, r-devel-linux-x86_64-fedora-clang, r-devel-linux-x86_64-fedora-gcc, r-devel-windows-x86_64, r-patched-linux-x86_64, r-release-linux-x86_64, r-release-macos-arm64, r-release-macos-x86_64, r-release-windows-x86_64
Version: 0.1.4
Check: installed package size
Result: NOTE
installed size is 5.6Mb
sub-directories of 1Mb or more:
libs 5.0Mb
Flavors: r-devel-linux-x86_64-fedora-clang, r-devel-windows-x86_64, r-release-macos-arm64, r-release-macos-x86_64, r-release-windows-x86_64, r-oldrel-macos-arm64, r-oldrel-macos-x86_64, r-oldrel-windows-x86_64