Last updated on 2024-04-18 22:53:02 CEST.
Flavor | Version | Tinstall | Tcheck | Ttotal | Status | Flags |
---|---|---|---|---|---|---|
r-devel-linux-x86_64-debian-clang | 1.0 | 7.45 | 40.21 | 47.66 | NOTE | |
r-devel-linux-x86_64-debian-gcc | 1.0 | 5.54 | 29.09 | 34.63 | NOTE | |
r-devel-linux-x86_64-fedora-clang | 1.0 | 57.42 | NOTE | |||
r-devel-linux-x86_64-fedora-gcc | 1.0 | 55.02 | NOTE | |||
r-prerel-macos-arm64 | 1.0 | 20.00 | NOTE | |||
r-prerel-windows-x86_64 | 1.0 | 5.00 | 45.00 | 50.00 | NOTE | |
r-patched-linux-x86_64 | 1.0 | 6.62 | 39.13 | 45.75 | NOTE | |
r-release-linux-x86_64 | 1.0 | 4.49 | 39.02 | 43.51 | OK | |
r-release-macos-arm64 | 1.0 | 20.00 | OK | |||
r-release-macos-x86_64 | 1.0 | 27.00 | OK | |||
r-release-windows-x86_64 | 1.0 | 8.00 | 50.00 | 58.00 | OK | |
r-oldrel-macos-arm64 | 1.0 | 20.00 | OK | |||
r-oldrel-windows-x86_64 | 1.0 | 10.00 | 58.00 | 68.00 | OK |
Version: 1.0
Check: Rd files
Result: NOTE
checkRd: (-1) elliptical.ts.Rd:18: Lost braces; missing escapes or markup?
18 | \item{epsilon}{positive convergence tolerance \emph{e}; the iterations converge when |fit - fit_{old}|/|fit| < \emph{e}. Default is \emph{e=1e-04}.}
| ^
Flavors: r-devel-linux-x86_64-debian-clang, r-devel-linux-x86_64-debian-gcc, r-devel-linux-x86_64-fedora-clang, r-devel-linux-x86_64-fedora-gcc, r-prerel-macos-arm64, r-prerel-windows-x86_64, r-patched-linux-x86_64