Last updated on 2023-06-04 23:00:14 CEST.
Flavor | Version | Tinstall | Tcheck | Ttotal | Status | Flags |
---|---|---|---|---|---|---|
r-devel-linux-x86_64-debian-clang | 0.2.3 | 244.10 | 40.51 | 284.61 | OK | |
r-devel-linux-x86_64-debian-gcc | 0.2.3 | 166.85 | 31.56 | 198.41 | OK | |
r-devel-linux-x86_64-fedora-clang | 0.2.3 | 447.58 | OK | |||
r-devel-linux-x86_64-fedora-gcc | 0.2.3 | 435.07 | OK | |||
r-devel-windows-x86_64 | 0.2.3 | 168.00 | 77.00 | 245.00 | OK | |
r-patched-linux-x86_64 | 0.2.3 | 182.89 | 39.02 | 221.91 | OK | |
r-release-linux-x86_64 | 0.2.3 | 180.08 | 39.32 | 219.40 | OK | |
r-release-macos-arm64 | 0.2.3 | 88.00 | NOTE | |||
r-release-macos-x86_64 | 0.2.3 | 152.00 | OK | |||
r-release-windows-x86_64 | 0.2.3 | 219.00 | 82.00 | 301.00 | OK | |
r-oldrel-macos-arm64 | 0.2.3 | 81.00 | OK | |||
r-oldrel-macos-x86_64 | 0.2.3 | 106.00 | OK | |||
r-oldrel-windows-x86_64 | 0.2.3 | 203.00 | 84.00 | 287.00 | OK |
Version: 0.2.3
Check: installed package size
Result: NOTE
installed size is 5.0Mb
sub-directories of 1Mb or more:
libs 4.9Mb
Flavor: r-release-macos-arm64