Last updated on 2024-03-28 23:02:00 CET.
Flavor | Version | Tinstall | Tcheck | Ttotal | Status | Flags |
---|---|---|---|---|---|---|
r-devel-linux-x86_64-debian-clang | 0.1.1 | 60.30 | 123.41 | 183.71 | NOTE | |
r-devel-linux-x86_64-debian-gcc | 0.1.1 | 49.54 | 92.56 | 142.10 | NOTE | |
r-devel-linux-x86_64-fedora-clang | 0.1.1 | 250.35 | NOTE | |||
r-devel-linux-x86_64-fedora-gcc | 0.1.1 | 255.19 | NOTE | |||
r-devel-windows-x86_64 | 0.1.1 | 50.00 | 130.00 | 180.00 | NOTE | |
r-patched-linux-x86_64 | 0.1.1 | 43.80 | 121.22 | 165.02 | NOTE | |
r-release-linux-x86_64 | 0.1.1 | 44.77 | 116.32 | 161.09 | NOTE | |
r-release-macos-arm64 | 0.1.1 | 77.00 | NOTE | |||
r-release-macos-x86_64 | 0.1.1 | 129.00 | NOTE | |||
r-release-windows-x86_64 | 0.1.1 | 62.00 | 160.00 | 222.00 | NOTE | |
r-oldrel-macos-arm64 | 0.1.1 | 66.00 | OK | |||
r-oldrel-windows-x86_64 | 0.1.1 | 62.00 | 151.00 | 213.00 | OK |
Version: 0.1.1
Check: C++ specification
Result: NOTE
Specified C++11: please drop specification unless essential
Flavors: r-devel-linux-x86_64-debian-clang, r-devel-linux-x86_64-debian-gcc, r-devel-linux-x86_64-fedora-clang, r-devel-linux-x86_64-fedora-gcc, r-devel-windows-x86_64, r-patched-linux-x86_64, r-release-linux-x86_64, r-release-macos-arm64, r-release-macos-x86_64, r-release-windows-x86_64