Last updated on 2021-04-12 22:51:18 CEST.
Flavor | Version | Tinstall | Tcheck | Ttotal | Status | Flags |
---|---|---|---|---|---|---|
r-devel-linux-x86_64-debian-clang | 0.1.0 | 12.23 | 27.15 | 39.38 | NOTE | |
r-devel-linux-x86_64-debian-gcc | 0.1.0 | 11.18 | 21.84 | 33.02 | NOTE | |
r-devel-linux-x86_64-fedora-clang | 0.1.0 | 59.38 | NOTE | |||
r-devel-linux-x86_64-fedora-gcc | 0.1.0 | 48.98 | NOTE | |||
r-devel-windows-ix86+x86_64 | 0.1.0 | 19.00 | 42.00 | 61.00 | NOTE | |
r-devel-windows-x86_64-gcc10-UCRT | 0.1.0 | NOTE | ||||
r-patched-linux-x86_64 | 0.1.0 | 12.41 | 25.73 | 38.14 | OK | |
r-patched-solaris-x86 | 0.1.0 | 89.90 | OK | |||
r-release-linux-x86_64 | 0.1.0 | 12.84 | 25.87 | 38.71 | OK | |
r-release-macos-x86_64 | 0.1.0 | OK | ||||
r-release-windows-ix86+x86_64 | 0.1.0 | 15.00 | 41.00 | 56.00 | OK | |
r-oldrel-macos-x86_64 | 0.1.0 | OK | ||||
r-oldrel-windows-ix86+x86_64 | 0.1.0 | 19.00 | 31.00 | 50.00 | OK |
Version: 0.1.0
Check: LazyData
Result: NOTE
'LazyData' is specified without a 'data' directory
Flavors: r-devel-linux-x86_64-debian-clang, r-devel-linux-x86_64-debian-gcc, r-devel-linux-x86_64-fedora-clang, r-devel-linux-x86_64-fedora-gcc, r-devel-windows-ix86+x86_64, r-devel-windows-x86_64-gcc10-UCRT