CRAN Package Check Results for Package synchronicity

Last updated on 2019-11-18 22:47:26 CET.

Flavor Version Tinstall Tcheck Ttotal Status Flags
r-devel-linux-x86_64-debian-clang 1.3.5 28.14 24.46 52.60 OK
r-devel-linux-x86_64-debian-gcc 1.3.5 18.65 20.16 38.81 OK
r-devel-linux-x86_64-fedora-clang 1.3.5 70.12 NOTE
r-devel-linux-x86_64-fedora-gcc 1.3.5 65.99 NOTE
r-devel-windows-ix86+x86_64 1.3.5 94.00 74.00 168.00 OK
r-patched-linux-x86_64 1.3.5 20.51 23.36 43.87 OK
r-patched-solaris-x86 1.3.5 75.60 OK
r-release-linux-x86_64 1.3.5 21.07 23.18 44.25 OK
r-release-windows-ix86+x86_64 1.3.5 68.00 75.00 143.00 OK
r-release-osx-x86_64 1.3.5 OK
r-oldrel-windows-ix86+x86_64 1.3.5 83.00 81.00 164.00 OK
r-oldrel-osx-x86_64 1.3.5 OK

Check Details

Version: 1.3.5
Check: top-level files
Result: NOTE
     possible bashism in configure line 12 (echo -n):
     echo -n " checking for Sun Studio compiler..."
     possible bashism in configure line 22 (echo -n):
     echo -n " checking for OS..."
Flavors: r-devel-linux-x86_64-fedora-clang, r-devel-linux-x86_64-fedora-gcc