CRAN Package Check Results for Package synlik

Last updated on 2024-03-02 22:42:08 CET.

Flavor Version Tinstall Tcheck Ttotal Status Flags
r-devel-linux-x86_64-debian-clang 0.1.6 58.04 129.57 187.61 NOTE
r-devel-linux-x86_64-debian-gcc 0.1.6 44.07 95.33 139.40 NOTE
r-devel-linux-x86_64-fedora-clang 0.1.6 241.32 NOTE
r-devel-linux-x86_64-fedora-gcc 0.1.6 253.33 NOTE
r-devel-windows-x86_64 0.1.6 47.00 213.00 260.00 OK
r-patched-linux-x86_64 0.1.6 65.68 123.89 189.57 OK
r-release-linux-x86_64 0.1.6 59.19 123.96 183.15 OK
r-release-macos-arm64 0.1.6 102.00 OK
r-release-macos-x86_64 0.1.6 178.00 OK
r-release-windows-x86_64 0.1.6 64.00 247.00 311.00 OK
r-oldrel-macos-arm64 0.1.6 94.00 OK
r-oldrel-windows-x86_64 0.1.6 59.00 234.00 293.00 OK

Check Details

Version: 0.1.6
Check: Rd files
Result: NOTE checkRd: (-1) robCov.Rd:19-20: Lost braces in \itemize; \value handles \item{}{} directly checkRd: (-1) robCov.Rd:21: Lost braces in \itemize; \value handles \item{}{} directly checkRd: (-1) robCov.Rd:22: Lost braces in \itemize; \value handles \item{}{} directly checkRd: (-1) robCov.Rd:23: Lost braces in \itemize; \value handles \item{}{} directly checkRd: (-1) slice.Rd:28: Lost braces 28 | before plotting {ex: \code{trans = c(s = "exp", d = "exp")}}/} | ^ Flavors: r-devel-linux-x86_64-debian-clang, r-devel-linux-x86_64-debian-gcc, r-devel-linux-x86_64-fedora-clang, r-devel-linux-x86_64-fedora-gcc