Last updated on 2023-10-01 23:04:01 CEST.
Flavor | Version | Tinstall | Tcheck | Ttotal | Status | Flags |
---|---|---|---|---|---|---|
r-devel-linux-x86_64-debian-clang | 0.8.0 | 7.65 | 100.93 | 108.58 | OK | |
r-devel-linux-x86_64-debian-gcc | 0.8.0 | 5.93 | 75.73 | 81.66 | OK | |
r-devel-linux-x86_64-fedora-clang | 0.8.0 | 134.26 | NOTE | |||
r-devel-linux-x86_64-fedora-gcc | 0.8.0 | 141.75 | OK | |||
r-devel-windows-x86_64 | 0.8.0 | 8.00 | 109.00 | 117.00 | OK | |
r-patched-linux-x86_64 | 0.8.0 | 9.15 | 96.69 | 105.84 | OK | |
r-release-linux-x86_64 | 0.8.0 | 5.45 | 97.79 | 103.24 | OK | |
r-release-macos-arm64 | 0.8.0 | 63.00 | OK | |||
r-release-macos-x86_64 | 0.8.0 | 76.00 | NOTE | |||
r-release-windows-x86_64 | 0.8.0 | 11.00 | 120.00 | 131.00 | OK | |
r-oldrel-macos-arm64 | 0.8.0 | 48.00 | OK | |||
r-oldrel-macos-x86_64 | 0.8.0 | 72.00 | OK | |||
r-oldrel-windows-x86_64 | 0.8.0 | 10.00 | 117.00 | 127.00 | OK |
Version: 0.8.0
Check: Rd cross-references
Result: NOTE
Undeclared package ‘SIBER’ in Rd xrefs
Flavor: r-devel-linux-x86_64-fedora-clang
Version: 0.8.0
Check: Rd cross-references
Result: NOTE
Package unavailable to check Rd xrefs: ‘SIBER’
Flavor: r-release-macos-x86_64