CRAN Package Check Results for Package tRophicPosition

Last updated on 2017-11-20 22:54:08 CET.

Flavor Version Tinstall Tcheck Ttotal Status Flags
r-devel-linux-x86_64-debian-clang 0.7.3 1.12 57.01 58.14 OK
r-devel-linux-x86_64-debian-gcc 0.7.3 1.58 138.19 139.78 OK
r-devel-linux-x86_64-fedora-clang 0.7.3 103.24 OK
r-devel-linux-x86_64-fedora-gcc 0.7.3 109.52 OK
r-devel-windows-ix86+x86_64 0.7.3 4.00 100.00 104.00 OK
r-patched-linux-x86_64 0.7.3 1.25 59.50 60.75 OK
r-patched-solaris-x86 0.7.3 152.10 OK
r-release-linux-x86_64 0.7.3 1.33 58.06 59.39 OK
r-release-windows-ix86+x86_64 0.7.3 4.00 92.00 96.00 OK
r-release-osx-x86_64 0.7.3 OK
r-oldrel-osx-x86_64 0.7.3 ERROR

Check Details

Version: 0.7.3
Check: whether package can be installed
Result: ERROR
    Installation failed.
Flavor: r-oldrel-osx-x86_64