CRAN Package Check Results for Package tRophicPosition

Last updated on 2018-04-21 22:48:45 CEST.

Flavor Version Tinstall Tcheck Ttotal Status Flags
r-devel-linux-x86_64-debian-clang 0.7.5 5.69 78.76 84.45 OK
r-devel-linux-x86_64-debian-gcc 0.7.5 4.17 61.09 65.26 OK
r-devel-linux-x86_64-fedora-clang 0.7.5 101.23 OK
r-devel-linux-x86_64-fedora-gcc 0.7.5 95.84 OK
r-devel-windows-ix86+x86_64 0.7.5 15.00 92.00 107.00 OK
r-devel-osx-x86_64 0.7.5 WARN
r-patched-linux-x86_64 0.7.5 5.15 76.03 81.18 OK
r-patched-solaris-x86 0.7.5 151.60 OK
r-release-linux-x86_64 0.7.5 2.40 95.84 98.24 OK
r-release-windows-ix86+x86_64 0.7.5 8.00 120.00 128.00 OK
r-release-osx-x86_64 0.7.5 OK

Check Details

Version: 0.7.5
Check: Rd cross-references
Result: WARN
    package ‘SIBER’ exists but was not installed under R >= 2.10.0 so xrefs cannot be checked
Flavor: r-devel-osx-x86_64