CRAN Package Check Results for Package tRophicPosition

Last updated on 2018-01-18 22:47:51 CET.

Flavor Version Tinstall Tcheck Ttotal Status Flags
r-devel-linux-x86_64-debian-clang 0.7.3 1.76 83.24 85.00 OK
r-devel-linux-x86_64-debian-gcc 0.7.3 1.40 73.54 74.94 OK
r-devel-linux-x86_64-fedora-clang 0.7.3 110.49 OK
r-devel-linux-x86_64-fedora-gcc 0.7.3 103.69 OK
r-devel-windows-ix86+x86_64 0.7.3 4.00 106.00 110.00 OK
r-patched-linux-x86_64 0.7.3 2.02 94.59 96.61 OK
r-patched-solaris-x86 0.7.3 165.20 OK
r-release-linux-x86_64 0.7.3 1.70 93.62 95.32 OK
r-release-windows-ix86+x86_64 0.7.3 6.00 106.00 112.00 OK
r-release-osx-x86_64 0.7.3 OK
r-oldrel-osx-x86_64 0.7.3 ERROR

Check Details

Version: 0.7.3
Check: whether package can be installed
Result: ERROR
    Installation failed.
Flavor: r-oldrel-osx-x86_64