CRAN Package Check Results for Package tRophicPosition

Last updated on 2018-07-18 22:49:37 CEST.

Flavor Version Tinstall Tcheck Ttotal Status Flags
r-devel-linux-x86_64-debian-clang 0.7.5 5.19 81.93 87.12 OK
r-devel-linux-x86_64-debian-gcc 0.7.5 4.30 64.16 68.46 OK
r-devel-linux-x86_64-fedora-clang 0.7.5 109.64 OK
r-devel-linux-x86_64-fedora-gcc 0.7.5 103.84 OK
r-devel-windows-ix86+x86_64 0.7.5 12.00 77.00 89.00 ERROR
r-patched-linux-x86_64 0.7.5 4.38 78.81 83.19 OK
r-patched-solaris-x86 0.7.5 156.10 OK
r-release-linux-x86_64 0.7.5 4.74 79.16 83.90 OK
r-release-windows-ix86+x86_64 0.7.5 13.00 123.00 136.00 OK
r-release-osx-x86_64 0.7.5 OK
r-oldrel-windows-ix86+x86_64 0.7.5 9.00 116.00 125.00 OK
r-oldrel-osx-x86_64 0.7.5 OK

Check Details

Version: 0.7.5
Check: examples
Result: ERROR
    Running examples in 'tRophicPosition-Ex.R' failed
    The error most likely occurred in:
    
    > ### Name: TPmodel
    > ### Title: Function to create a JAGS-based Bayesian model to calculate
    > ### trophic position
    > ### Aliases: TPmodel
    >
    > ### ** Examples
    >
    > isotopeData <- generateTPData()
    > model.string <- jagsBayesianModel()
    > model <- TPmodel(data = isotopeData, model.string = model.string,
    + n.adapt = 500)
    Compiling model graph
     Resolving undeclared variables
     Allocating nodes
    Graph information:
     Observed stochastic nodes: 313
     Unobserved stochastic nodes: 66
     Total graph size: 463
    
    Initializing model
    
    >
    >
    >
    > cleanEx()
    Error: connections left open:
     model.string (textConnection)
    Execution halted
Flavor: r-devel-windows-ix86+x86_64