Last updated on 2023-12-08 21:58:46 CET.
Flavor | Version | Tinstall | Tcheck | Ttotal | Status | Flags |
---|---|---|---|---|---|---|
r-devel-linux-x86_64-debian-clang | 1.0.1 | 4.84 | 137.45 | 142.29 | NOTE | |
r-devel-linux-x86_64-debian-gcc | 1.0.1 | 3.12 | 101.28 | 104.40 | NOTE | |
r-devel-linux-x86_64-fedora-clang | 1.0.1 | 173.75 | NOTE | |||
r-devel-linux-x86_64-fedora-gcc | 1.0.1 | 168.75 | NOTE | |||
r-devel-windows-x86_64 | 1.0.1 | 5.00 | 118.00 | 123.00 | NOTE | |
r-patched-linux-x86_64 | 1.0.1 | 4.60 | 134.92 | 139.52 | OK | |
r-release-linux-x86_64 | 1.0.1 | 4.26 | 129.58 | 133.84 | OK | |
r-release-macos-arm64 | 1.0.1 | 50.00 | OK | |||
r-release-macos-x86_64 | 1.0.1 | 83.00 | OK | |||
r-release-windows-x86_64 | 1.0.1 | 6.00 | 144.00 | 150.00 | OK | |
r-oldrel-macos-arm64 | 1.0.1 | 34.00 | OK | |||
r-oldrel-macos-x86_64 | 1.0.1 | 50.00 | OK | |||
r-oldrel-windows-x86_64 | 1.0.1 | 6.00 | 140.00 | 146.00 | OK |
Version: 1.0.1
Check: Rd \usage sections
Result: NOTE
Documented arguments not in \usage in Rd file 'table_params_circle.Rd':
‘d’
Documented arguments not in \usage in Rd file 'table_params_rect.Rd':
‘d’ ‘scale_breaks’ ‘r_max’
Functions with \usage entries need to have the appropriate \alias
entries, and all their arguments documented.
The \usage entries must correspond to syntactically valid R code.
See chapter ‘Writing R documentation files’ in the ‘Writing R
Extensions’ manual.
Flavors: r-devel-linux-x86_64-debian-clang, r-devel-linux-x86_64-debian-gcc, r-devel-linux-x86_64-fedora-clang, r-devel-linux-x86_64-fedora-gcc, r-devel-windows-x86_64