Last updated on 2023-12-04 22:57:57 CET.
Flavor | Version | Tinstall | Tcheck | Ttotal | Status | Flags |
---|---|---|---|---|---|---|
r-devel-linux-x86_64-debian-clang | 0.0.3 | 15.00 | 196.39 | 211.39 | OK | |
r-devel-linux-x86_64-debian-gcc | 0.0.3 | 10.82 | 163.86 | 174.68 | OK | |
r-devel-linux-x86_64-fedora-clang | 0.0.3 | 266.97 | NOTE | |||
r-devel-linux-x86_64-fedora-gcc | 0.0.3 | 291.50 | NOTE | |||
r-devel-windows-x86_64 | 0.0.3 | 13.00 | 166.00 | 179.00 | OK | |
r-patched-linux-x86_64 | 0.0.3 | 14.45 | 213.12 | 227.57 | OK | |
r-release-linux-x86_64 | 0.0.3 | 12.59 | 209.29 | 221.88 | OK | |
r-release-macos-arm64 | 0.0.3 | 104.00 | OK | |||
r-release-macos-x86_64 | 0.0.3 | 149.00 | OK | |||
r-release-windows-x86_64 | 0.0.3 | 17.00 | 206.00 | 223.00 | OK | |
r-oldrel-macos-arm64 | 0.0.3 | 56.00 | NOTE | |||
r-oldrel-macos-x86_64 | 0.0.3 | 81.00 | NOTE | |||
r-oldrel-windows-x86_64 | 0.0.3 | 16.00 | 203.00 | 219.00 | OK |
Version: 0.0.3
Check: data for non-ASCII characters
Result: NOTE
Note: found 551 marked UTF-8 strings
Flavors: r-devel-linux-x86_64-fedora-clang, r-devel-linux-x86_64-fedora-gcc, r-oldrel-macos-arm64, r-oldrel-macos-x86_64