Last updated on 2024-04-18 22:53:03 CEST.
Flavor | Version | Tinstall | Tcheck | Ttotal | Status | Flags |
---|---|---|---|---|---|---|
r-devel-linux-x86_64-debian-clang | 0.6.8 | 10.48 | 148.50 | 158.98 | OK | |
r-devel-linux-x86_64-debian-gcc | 0.6.8 | 8.96 | 108.18 | 117.14 | OK | |
r-devel-linux-x86_64-fedora-clang | 0.6.8 | 192.85 | OK | |||
r-devel-linux-x86_64-fedora-gcc | 0.6.8 | 197.55 | OK | |||
r-prerel-macos-arm64 | 0.6.8 | 62.00 | OK | |||
r-prerel-macos-x86_64 | 0.6.8 | 188.00 | OK | |||
r-prerel-windows-x86_64 | 0.6.8 | 9.00 | 137.00 | 146.00 | OK | |
r-patched-linux-x86_64 | 0.6.8 | 7.40 | 144.24 | 151.64 | OK | |
r-release-linux-x86_64 | 0.6.8 | 6.62 | 139.87 | 146.49 | OK | |
r-release-macos-arm64 | 0.6.8 | 72.00 | OK | |||
r-release-macos-x86_64 | 0.6.8 | 179.00 | OK | |||
r-release-windows-x86_64 | 0.6.8 | 13.00 | 167.00 | 180.00 | OK | |
r-oldrel-macos-arm64 | 0.6.8 | 10.00 | ERROR | |||
r-oldrel-windows-x86_64 | 0.6.8 | 14.00 | 163.00 | 177.00 | OK |
Version: 0.6.8
Check: package dependencies
Result: ERROR
Package required and available but unsuitable version: ‘spork’
See section ‘The DESCRIPTION file’ in the ‘Writing R Extensions’
manual.
Flavor: r-oldrel-macos-arm64