CRAN Package Check Results for Package tabnet

Last updated on 2021-04-12 22:51:18 CEST.

Flavor Version Tinstall Tcheck Ttotal Status Flags
r-devel-linux-x86_64-debian-clang 0.1.0 4.26 39.02 43.28 NOTE
r-devel-linux-x86_64-debian-gcc 0.1.0 3.13 30.76 33.89 NOTE
r-devel-linux-x86_64-fedora-clang 0.1.0 61.69 NOTE
r-devel-linux-x86_64-fedora-gcc 0.1.0 51.53 NOTE
r-devel-windows-ix86+x86_64 0.1.0 10.00 56.00 66.00 NOTE
r-devel-windows-x86_64-gcc10-UCRT 0.1.0 NOTE
r-patched-linux-x86_64 0.1.0 3.89 37.28 41.17 OK
r-patched-solaris-x86 0.1.0 80.50 OK
r-release-linux-x86_64 0.1.0 3.58 37.34 40.92 OK
r-release-macos-x86_64 0.1.0 OK
r-release-windows-ix86+x86_64 0.1.0 8.00 55.00 63.00 OK
r-oldrel-macos-x86_64 0.1.0 OK
r-oldrel-windows-ix86+x86_64 0.1.0 7.00 39.00 46.00 OK

Check Details

Version: 0.1.0
Check: LazyData
Result: NOTE
     'LazyData' is specified without a 'data' directory
Flavors: r-devel-linux-x86_64-debian-clang, r-devel-linux-x86_64-debian-gcc, r-devel-linux-x86_64-fedora-clang, r-devel-linux-x86_64-fedora-gcc, r-devel-windows-ix86+x86_64, r-devel-windows-x86_64-gcc10-UCRT