Last updated on 2023-11-27 23:11:54 CET.
Flavor | Version | Tinstall | Tcheck | Ttotal | Status | Flags |
---|---|---|---|---|---|---|
r-devel-linux-x86_64-debian-clang | 0.6 | 23.60 | 37.32 | 60.92 | OK | |
r-devel-linux-x86_64-debian-gcc | 0.6 | 16.56 | 29.72 | 46.28 | OK | |
r-devel-linux-x86_64-fedora-clang | 0.6 | 84.98 | NOTE | |||
r-devel-linux-x86_64-fedora-gcc | 0.6 | 110.02 | NOTE | |||
r-devel-windows-x86_64 | 0.6 | 19.00 | 68.00 | 87.00 | OK | |
r-patched-linux-x86_64 | 0.6 | 21.92 | 36.43 | 58.35 | OK | |
r-release-linux-x86_64 | 0.6 | 20.27 | 36.31 | 56.58 | OK | |
r-release-macos-arm64 | 0.6 | 41.00 | OK | |||
r-release-macos-x86_64 | 0.6 | 58.00 | OK | |||
r-release-windows-x86_64 | 0.6 | 21.00 | 78.00 | 99.00 | OK | |
r-oldrel-macos-arm64 | 0.6 | 33.00 | OK | |||
r-oldrel-macos-x86_64 | 0.6 | 39.00 | OK | |||
r-oldrel-windows-x86_64 | 0.6 | 28.00 | 75.00 | 103.00 | OK |
Version: 0.6
Check: compiled code
Result: NOTE
File ‘tagcloud/libs/tagcloud.so’:
Found no calls to: ‘R_registerRoutines’, ‘R_useDynamicSymbols’
It is good practice to register native routines and to disable symbol
search.
See ‘Writing portable packages’ in the ‘Writing R Extensions’ manual.
Flavors: r-devel-linux-x86_64-fedora-clang, r-devel-linux-x86_64-fedora-gcc