Last updated on 2021-04-16 22:51:15 CEST.
Flavor | Version | Tinstall | Tcheck | Ttotal | Status | Flags |
---|---|---|---|---|---|---|
r-devel-linux-x86_64-debian-clang | 0.1.2 | 7.36 | 140.98 | 148.34 | NOTE | |
r-devel-linux-x86_64-debian-gcc | 0.1.2 | 5.94 | 112.99 | 118.93 | NOTE | |
r-devel-linux-x86_64-fedora-clang | 0.1.2 | 195.20 | NOTE | |||
r-devel-linux-x86_64-fedora-gcc | 0.1.2 | 175.66 | NOTE | |||
r-devel-windows-ix86+x86_64 | 0.1.2 | 17.00 | 242.00 | 259.00 | NOTE | |
r-devel-windows-x86_64-gcc10-UCRT | 0.1.2 | NOTE | ||||
r-patched-linux-x86_64 | 0.1.2 | 7.00 | 133.87 | 140.87 | OK | |
r-patched-solaris-x86 | 0.1.2 | 309.60 | NOTE | |||
r-release-linux-x86_64 | 0.1.2 | 6.66 | 134.65 | 141.31 | OK | |
r-release-macos-x86_64 | 0.1.2 | NOTE | ||||
r-release-windows-ix86+x86_64 | 0.1.2 | 27.00 | 284.00 | 311.00 | OK | |
r-oldrel-macos-x86_64 | 0.1.2 | ERROR | ||||
r-oldrel-windows-ix86+x86_64 | 0.1.1 | 9.00 | 215.00 | 224.00 | OK |
Version: 0.1.2
Check: LazyData
Result: NOTE
'LazyData' is specified without a 'data' directory
Flavors: r-devel-linux-x86_64-debian-clang, r-devel-linux-x86_64-debian-gcc, r-devel-linux-x86_64-fedora-clang, r-devel-linux-x86_64-fedora-gcc, r-devel-windows-ix86+x86_64, r-devel-windows-x86_64-gcc10-UCRT
Version: 0.1.2
Check: dependencies in R code
Result: NOTE
Namespaces in Imports field not imported from:
‘RSQLite’ ‘duckdb’ ‘memoise’
All declared Imports should be used.
Flavors: r-devel-linux-x86_64-fedora-clang, r-devel-linux-x86_64-fedora-gcc, r-devel-windows-x86_64-gcc10-UCRT, r-patched-solaris-x86, r-release-macos-x86_64
Version: 0.1.2
Check: package dependencies
Result: ERROR
Package required but not available: ‘contentid’
Package required and available but unsuitable version: ‘arkdb’
See section ‘The DESCRIPTION file’ in the ‘Writing R Extensions’
manual.
Flavor: r-oldrel-macos-x86_64