Last updated on 2023-03-30 22:55:14 CEST.
Flavor | Version | Tinstall | Tcheck | Ttotal | Status | Flags |
---|---|---|---|---|---|---|
r-devel-linux-x86_64-debian-clang | 0.9.100 | 21.72 | 130.21 | 151.93 | OK | |
r-devel-linux-x86_64-debian-gcc | 0.9.100 | 17.28 | 96.43 | 113.71 | OK | |
r-devel-linux-x86_64-fedora-clang | 0.9.100 | 187.83 | OK | |||
r-devel-linux-x86_64-fedora-gcc | 0.9.100 | 174.31 | OK | |||
r-patched-linux-x86_64 | 0.9.100 | 27.85 | 122.84 | 150.69 | OK | |
r-release-linux-x86_64 | 0.9.100 | 22.34 | 117.59 | 139.93 | OK | |
r-release-macos-arm64 | 0.9.100 | 49.00 | OK | |||
r-release-macos-x86_64 | 0.9.100 | 70.00 | OK | |||
r-release-windows-x86_64 | 0.9.100 | 159.00 | 184.00 | 343.00 | OK | |
r-oldrel-macos-arm64 | 0.9.100 | 50.00 | OK | |||
r-oldrel-macos-x86_64 | 0.9.100 | 68.00 | OK | |||
r-oldrel-windows-ix86+x86_64 | 0.9.100 | 38.00 | 156.00 | 194.00 | NOTE |
Version: 0.9.100
Check: R code for possible problems
Result: NOTE
Initiating curl with CURL_SSL_BACKEND: openssl
Flavor: r-oldrel-windows-ix86+x86_64