Last updated on 2024-04-17 23:00:13 CEST.
Flavor | Version | Tinstall | Tcheck | Ttotal | Status | Flags |
---|---|---|---|---|---|---|
r-devel-linux-x86_64-debian-clang | 0.2.4 | 10.80 | 84.02 | 94.82 | OK | |
r-devel-linux-x86_64-debian-gcc | 0.2.4 | 9.18 | 62.64 | 71.82 | OK | |
r-devel-linux-x86_64-fedora-clang | 0.2.4 | 126.41 | NOTE | |||
r-devel-linux-x86_64-fedora-gcc | 0.2.4 | 127.39 | NOTE | |||
r-prerel-macos-arm64 | 0.2.4 | 41.00 | OK | |||
r-prerel-windows-x86_64 | 0.2.4 | 10.00 | 87.00 | 97.00 | OK | |
r-patched-linux-x86_64 | 0.2.4 | 13.14 | 80.97 | 94.11 | OK | |
r-release-linux-x86_64 | 0.2.4 | 8.51 | 77.83 | 86.34 | OK | |
r-release-macos-arm64 | 0.2.4 | 44.00 | OK | |||
r-release-macos-x86_64 | 0.2.4 | 71.00 | OK | |||
r-release-windows-x86_64 | 0.2.4 | 13.00 | 98.00 | 111.00 | OK | |
r-oldrel-macos-arm64 | 0.2.4 | 29.00 | OK | |||
r-oldrel-windows-x86_64 | 0.2.4 | 13.00 | 100.00 | 113.00 | OK |
Version: 0.2.4
Check: data for non-ASCII characters
Result: NOTE
Note: found 137 marked UTF-8 strings
Flavors: r-devel-linux-x86_64-fedora-clang, r-devel-linux-x86_64-fedora-gcc