Last updated on 2024-04-22 23:10:07 CEST.
Flavor | Version | Tinstall | Tcheck | Ttotal | Status | Flags |
---|---|---|---|---|---|---|
r-devel-linux-x86_64-debian-clang | 2.0-3 | 89.97 | 147.09 | 237.06 | OK | |
r-devel-linux-x86_64-debian-gcc | 2.0-3 | 72.45 | 623.83 | 696.28 | OK | |
r-devel-linux-x86_64-fedora-clang | 2.0-3 | 399.86 | OK | |||
r-devel-linux-x86_64-fedora-gcc | 2.0-3 | 429.57 | OK | |||
r-prerel-macos-arm64 | 2.0-3 | 101.00 | NOTE | |||
r-prerel-macos-x86_64 | 2.0-3 | 234.00 | NOTE | |||
r-prerel-windows-x86_64 | 2.0-3 | 68.00 | 184.00 | 252.00 | OK | |
r-patched-linux-x86_64 | 1.5-6 | 19.37 | 76.24 | 95.61 | OK | |
r-release-linux-x86_64 | 2.0-3 | 92.62 | 453.58 | 546.20 | OK | |
r-release-macos-arm64 | 2.0-3 | 102.00 | NOTE | |||
r-release-macos-x86_64 | 2.0-3 | 256.00 | NOTE | |||
r-release-windows-x86_64 | 2.0-3 | 71.00 | 177.00 | 248.00 | OK | |
r-oldrel-macos-arm64 | 2.0-3 | 101.00 | NOTE | |||
r-oldrel-windows-x86_64 | 2.0-3 | 61.00 | 176.00 | 237.00 | OK |
Version: 2.0-3
Check: installed package size
Result: NOTE
installed size is 7.2Mb
sub-directories of 1Mb or more:
libs 5.8Mb
Flavors: r-prerel-macos-arm64, r-prerel-macos-x86_64, r-release-macos-arm64, r-release-macos-x86_64, r-oldrel-macos-arm64