Last updated on 2024-04-22 23:10:07 CEST.
Flavor | Version | Tinstall | Tcheck | Ttotal | Status | Flags |
---|---|---|---|---|---|---|
r-devel-linux-x86_64-debian-clang | 0.0.4 | 6.39 | 51.36 | 57.75 | OK | |
r-devel-linux-x86_64-debian-gcc | 0.0.4 | 3.95 | 39.19 | 43.14 | OK | |
r-devel-linux-x86_64-fedora-clang | 0.0.4 | 73.48 | NOTE | |||
r-devel-linux-x86_64-fedora-gcc | 0.0.4 | 69.05 | OK | |||
r-prerel-macos-arm64 | 0.0.4 | 25.00 | OK | |||
r-prerel-windows-x86_64 | 0.0.4 | 8.00 | 58.00 | 66.00 | OK | |
r-patched-linux-x86_64 | 0.0.4 | 4.57 | 50.19 | 54.76 | OK | |
r-release-linux-x86_64 | 0.0.4 | 3.51 | 48.97 | 52.48 | OK | |
r-release-macos-arm64 | 0.0.4 | 26.00 | OK | |||
r-release-macos-x86_64 | 0.0.4 | 36.00 | OK | |||
r-release-windows-x86_64 | 0.0.4 | 7.00 | 65.00 | 72.00 | OK | |
r-oldrel-macos-arm64 | 0.0.4 | 27.00 | OK | |||
r-oldrel-windows-x86_64 | 0.0.4 | 8.00 | 68.00 | 76.00 | OK |
Version: 0.0.4
Check: Rd cross-references
Result: NOTE
Undeclared package ‘scales’ in Rd xrefs
Flavor: r-devel-linux-x86_64-fedora-clang