Last updated on 2024-05-03 22:53:27 CEST.
Flavor | Version | Tinstall | Tcheck | Ttotal | Status | Flags |
---|---|---|---|---|---|---|
r-devel-linux-x86_64-debian-clang | 0.1.1 | 6.17 | 467.04 | 473.21 | OK | |
r-devel-linux-x86_64-fedora-clang | 0.1.1 | 559.42 | OK | |||
r-devel-linux-x86_64-fedora-gcc | 0.1.1 | 900.78 | OK | |||
r-devel-windows-x86_64 | 0.1.1 | 100.00 | 471.00 | 571.00 | OK | |
r-patched-linux-x86_64 | 0.1.1 | 6.10 | 391.66 | 397.76 | OK | |
r-release-linux-x86_64 | 0.1.1 | 5.63 | 395.13 | 400.76 | OK | |
r-release-macos-arm64 | 0.1.1 | 268.00 | OK | |||
r-release-macos-x86_64 | 0.1.1 | 1278.00 | OK | |||
r-release-windows-x86_64 | 0.1.1 | 105.00 | 461.00 | 566.00 | ERROR | |
r-oldrel-macos-arm64 | 0.1.1 | 284.00 | OK | |||
r-oldrel-macos-x86_64 | 0.1.1 | 1187.00 | OK | |||
r-oldrel-windows-x86_64 | 0.1.1 | 95.00 | 504.00 | 599.00 | OK |
Version: 0.1.1
Check: re-building of vignette outputs
Result: ERROR
Error(s) in re-building vignettes:
--- re-building 'hadamard.Rmd' using rmarkdown
--- finished re-building 'hadamard.Rmd'
--- re-building 'kronecker.Rmd' using rmarkdown
--- finished re-building 'kronecker.Rmd'
--- re-building 'tensorEVD-documentation.Rmd' using rmarkdown
Quitting from lines at lines 174-178 [unnamed-chunk-3] (tensorEVD-documentation.Rmd)
Error: processing vignette 'tensorEVD-documentation.Rmd' failed with diagnostics:
cannot open the connection to 'https://raw.githubusercontent.com/MarcooLopez/tensorEVD/main/inst/extdata/results_simulation.txt'
--- failed re-building 'tensorEVD-documentation.Rmd'
--- re-building 'tensorEVD.Rmd' using rmarkdown
--- finished re-building 'tensorEVD.Rmd'
SUMMARY: processing the following file failed:
'tensorEVD-documentation.Rmd'
Error: Vignette re-building failed.
Execution halted
Flavor: r-release-windows-x86_64