Last updated on 2023-01-28 22:55:29 CET.
Flavor | Version | Tinstall | Tcheck | Ttotal | Status | Flags |
---|---|---|---|---|---|---|
r-devel-linux-x86_64-debian-clang | 1.0.0 | 9.76 | 105.56 | 115.32 | NOTE | |
r-devel-linux-x86_64-debian-gcc | 1.0.0 | 8.78 | 78.07 | 86.85 | NOTE | |
r-devel-linux-x86_64-fedora-clang | 1.0.0 | 150.85 | NOTE | |||
r-devel-linux-x86_64-fedora-gcc | 1.0.0 | 141.21 | NOTE | |||
r-patched-linux-x86_64 | 1.0.0 | 12.01 | 99.30 | 111.31 | OK | |
r-release-linux-x86_64 | 1.0.0 | 12.63 | 99.94 | 112.57 | OK | |
r-release-macos-arm64 | 1.0.0 | 37.00 | OK | |||
r-release-macos-x86_64 | 1.0.0 | 62.00 | OK | |||
r-release-windows-x86_64 | 1.0.0 | 28.00 | 128.00 | 156.00 | OK | |
r-oldrel-macos-arm64 | 1.0.0 | 37.00 | OK | |||
r-oldrel-macos-x86_64 | 1.0.0 | 55.00 | OK | |||
r-oldrel-windows-ix86+x86_64 | 1.0.0 | 25.00 | 120.00 | 145.00 | OK |
Version: 1.0.0
Check: package subdirectories
Result: NOTE
Problems with news in ‘NEWS.md’:
No news entries found.
Flavors: r-devel-linux-x86_64-debian-clang, r-devel-linux-x86_64-debian-gcc, r-devel-linux-x86_64-fedora-clang, r-devel-linux-x86_64-fedora-gcc