Last updated on 2023-06-04 23:00:14 CEST.
Flavor | Version | Tinstall | Tcheck | Ttotal | Status | Flags |
---|---|---|---|---|---|---|
r-devel-linux-x86_64-debian-clang | 2.11.0 | 10.55 | 86.26 | 96.81 | OK | |
r-devel-linux-x86_64-debian-gcc | 2.11.0 | 8.87 | 67.48 | 76.35 | OK | |
r-devel-linux-x86_64-fedora-clang | 2.11.0 | 124.82 | NOTE | |||
r-devel-linux-x86_64-fedora-gcc | 2.11.0 | 119.21 | OK | |||
r-devel-windows-x86_64 | 2.11.0 | 11.00 | 84.00 | 95.00 | OK | |
r-patched-linux-x86_64 | 2.11.0 | 12.79 | 82.81 | 95.60 | OK | |
r-release-linux-x86_64 | 2.11.0 | 9.35 | 83.98 | 93.33 | OK | |
r-release-macos-arm64 | 2.11.0 | 38.00 | OK | |||
r-release-macos-x86_64 | 2.11.0 | 63.00 | OK | |||
r-release-windows-x86_64 | 2.11.0 | 13.00 | 102.00 | 115.00 | OK | |
r-oldrel-macos-arm64 | 2.11.0 | 36.00 | OK | |||
r-oldrel-macos-x86_64 | 2.11.0 | 50.00 | OK | |||
r-oldrel-windows-x86_64 | 2.11.0 | 13.00 | 93.00 | 106.00 | OK |
Version: 2.11.0
Check: Rd cross-references
Result: NOTE
Undeclared package ‘tfestimators’ in Rd xrefs
Flavor: r-devel-linux-x86_64-fedora-clang