CRAN Package Check Results for Package terra

Last updated on 2022-12-03 23:01:42 CET.

Flavor Version Tinstall Tcheck Ttotal Status Flags
r-devel-linux-x86_64-debian-clang 1.6-41 563.77 375.86 939.63 ERROR
r-devel-linux-x86_64-debian-gcc 1.6-41 529.89 269.03 798.92 ERROR
r-devel-linux-x86_64-fedora-clang 1.6-47 1142.99 NOTE
r-devel-linux-x86_64-fedora-gcc 1.6-47 1470.56 OK
r-devel-windows-x86_64 1.6-41 457.00 684.00 1141.00 NOTE
r-patched-linux-x86_64 1.6-41 561.62 346.73 908.35 ERROR
r-release-linux-x86_64 1.6-41 545.72 356.20 901.92 ERROR
r-release-macos-arm64 1.6-47 299.00 NOTE
r-release-macos-x86_64 1.6-41 423.00 NOTE
r-release-windows-x86_64 1.6-41 759.00 1038.00 1797.00 NOTE
r-oldrel-macos-arm64 1.6-47 294.00 NOTE
r-oldrel-macos-x86_64 1.6-41 424.00 NOTE
r-oldrel-windows-ix86+x86_64 1.6-41 4.00 18.00 22.00 ERROR

Check Details

Version: 1.6-41
Check: examples
Result: ERROR
    Running examples in 'terra-Ex.R' failed
    The error most likely occurred in:
    
    > base::assign(".ptime", proc.time(), pos = "CheckExEnv")
    > ### Name: interpIDW
    > ### Title: Interpolate points using a moving window
    > ### Aliases: interpIDW interpIDW,SpatRaster,SpatVector-method
    > ### interpIDW,SpatRaster,matrix-method
    > ### Keywords: spatial
    >
    > ### ** Examples
    >
    >
    > r <- rast(ncol=100, nrow=100, crs="local", xmin=0, xmax=50, ymin=0, ymax=50)
    > set.seed(100)
    > x <- runif(25, 5, 45)
    > y <- runif(25, 5, 45)
    > z <- sample(25)
    > xyz <- cbind(x,y,z)
    >
    > x <- interpIDW(r, xyz, radius=5, power=1, smooth=1, maxPoints=5)
    Warning: Wrong value of nSizeOfStructure member (GDAL error 1)
    
     *** caught segfault ***
    address (nil), cause 'memory not mapped'
    
    Traceback:
     1: .External(list(name = "CppMethod__invoke_notvoid", address = <pointer: 0x55b784860bf0>, dll = list(name = "Rcpp", path = "/home/hornik/tmp/R.check/r-devel-clang/Work/build/Packages/Rcpp/libs/Rcpp.so", dynamicLookup = TRUE, handle = <pointer: 0x55b785801ee0>, info = <pointer: 0x55b784875d10>), numParameters = -1L), <pointer: 0x55b786e1e7e0>, <pointer: 0x55b785f8a980>, .pointer, ...)
     2: x@ptr$rasterizeWindow(y[, 1], y[, 2], y[, 3], algo, pars, opt)
     3: .local(x, y, ...)
     4: interpIDW(r, xyz, radius = 5, power = 1, smooth = 1, maxPoints = 5)
     5: interpIDW(r, xyz, radius = 5, power = 1, smooth = 1, maxPoints = 5)
    An irrecoverable exception occurred. R is aborting now ...
    Segmentation fault
Flavor: r-devel-linux-x86_64-debian-clang

Version: 1.6-41
Check: examples
Result: ERROR
    Running examples in ‘terra-Ex.R’ failed
    The error most likely occurred in:
    
    > base::assign(".ptime", proc.time(), pos = "CheckExEnv")
    > ### Name: interpIDW
    > ### Title: Interpolate points using a moving window
    > ### Aliases: interpIDW interpIDW,SpatRaster,SpatVector-method
    > ### interpIDW,SpatRaster,matrix-method
    > ### Keywords: spatial
    >
    > ### ** Examples
    >
    >
    > r <- rast(ncol=100, nrow=100, crs="local", xmin=0, xmax=50, ymin=0, ymax=50)
    > set.seed(100)
    > x <- runif(25, 5, 45)
    > y <- runif(25, 5, 45)
    > z <- sample(25)
    > xyz <- cbind(x,y,z)
    >
    > x <- interpIDW(r, xyz, radius=5, power=1, smooth=1, maxPoints=5)
    Warning: Wrong value of nSizeOfStructure member (GDAL error 1)
    
     *** caught segfault ***
    address (nil), cause 'memory not mapped'
    
    Traceback:
     1: .External(list(name = "CppMethod__invoke_notvoid", address = <pointer: 0x556daef7c8f0>, dll = list(name = "Rcpp", path = "/home/hornik/tmp/R.check/r-devel-gcc/Work/build/Packages/Rcpp/libs/Rcpp.so", dynamicLookup = TRUE, handle = <pointer: 0x556db0e12d30>, info = <pointer: 0x556daefae540>), numParameters = -1L), <pointer: 0x556db2c51630>, <pointer: 0x556db2710c10>, .pointer, ...)
     2: x@ptr$rasterizeWindow(y[, 1], y[, 2], y[, 3], algo, pars, opt)
     3: .local(x, y, ...)
     4: interpIDW(r, xyz, radius = 5, power = 1, smooth = 1, maxPoints = 5)
     5: interpIDW(r, xyz, radius = 5, power = 1, smooth = 1, maxPoints = 5)
    An irrecoverable exception occurred. R is aborting now ...
    Segmentation fault
Flavor: r-devel-linux-x86_64-debian-gcc

Version: 1.6-47
Check: installed package size
Result: NOTE
     installed size is 9.1Mb
     sub-directories of 1Mb or more:
     R 2.0Mb
     libs 5.8Mb
Flavors: r-devel-linux-x86_64-fedora-clang, r-release-macos-arm64, r-oldrel-macos-arm64

Version: 1.6-41
Check: installed package size
Result: NOTE
     installed size is 77.9Mb
     sub-directories of 1Mb or more:
     R 2.0Mb
     gdal 2.8Mb
     libs 64.2Mb
     proj 7.7Mb
Flavors: r-devel-windows-x86_64, r-release-macos-x86_64, r-release-windows-x86_64, r-oldrel-macos-x86_64

Version: 1.6-41
Check: examples
Result: ERROR
    Running examples in ‘terra-Ex.R’ failed
    The error most likely occurred in:
    
    > base::assign(".ptime", proc.time(), pos = "CheckExEnv")
    > ### Name: interpIDW
    > ### Title: Interpolate points using a moving window
    > ### Aliases: interpIDW interpIDW,SpatRaster,SpatVector-method
    > ### interpIDW,SpatRaster,matrix-method
    > ### Keywords: spatial
    >
    > ### ** Examples
    >
    >
    > r <- rast(ncol=100, nrow=100, crs="local", xmin=0, xmax=50, ymin=0, ymax=50)
    > set.seed(100)
    > x <- runif(25, 5, 45)
    > y <- runif(25, 5, 45)
    > z <- sample(25)
    > xyz <- cbind(x,y,z)
    >
    > x <- interpIDW(r, xyz, radius=5, power=1, smooth=1, maxPoints=5)
    Warning: Wrong value of nSizeOfStructure member (GDAL error 1)
    
     *** caught segfault ***
    address (nil), cause 'memory not mapped'
    
    Traceback:
     1: .External(list(name = "CppMethod__invoke_notvoid", address = <pointer: 0x555e8c656ff0>, dll = list(name = "Rcpp", path = "/home/hornik/tmp/R.check/r-patched-gcc/Work/build/Packages/Rcpp/libs/Rcpp.so", dynamicLookup = TRUE, handle = <pointer: 0x555e8dfbfe00>, info = <pointer: 0x555e8c38d0a0>), numParameters = -1L), <pointer: 0x555e8ef8c760>, <pointer: 0x555e8c88ab30>, .pointer, ...)
     2: x@ptr$rasterizeWindow(y[, 1], y[, 2], y[, 3], algo, pars, opt)
     3: .local(x, y, ...)
     4: interpIDW(r, xyz, radius = 5, power = 1, smooth = 1, maxPoints = 5)
     5: interpIDW(r, xyz, radius = 5, power = 1, smooth = 1, maxPoints = 5)
    An irrecoverable exception occurred. R is aborting now ...
    Segmentation fault
Flavor: r-patched-linux-x86_64

Version: 1.6-41
Check: examples
Result: ERROR
    Running examples in ‘terra-Ex.R’ failed
    The error most likely occurred in:
    
    > base::assign(".ptime", proc.time(), pos = "CheckExEnv")
    > ### Name: interpIDW
    > ### Title: Interpolate points using a moving window
    > ### Aliases: interpIDW interpIDW,SpatRaster,SpatVector-method
    > ### interpIDW,SpatRaster,matrix-method
    > ### Keywords: spatial
    >
    > ### ** Examples
    >
    >
    > r <- rast(ncol=100, nrow=100, crs="local", xmin=0, xmax=50, ymin=0, ymax=50)
    > set.seed(100)
    > x <- runif(25, 5, 45)
    > y <- runif(25, 5, 45)
    > z <- sample(25)
    > xyz <- cbind(x,y,z)
    >
    > x <- interpIDW(r, xyz, radius=5, power=1, smooth=1, maxPoints=5)
    Warning: Wrong value of nSizeOfStructure member (GDAL error 1)
    
     *** caught segfault ***
    address (nil), cause 'memory not mapped'
    
    Traceback:
     1: .External(list(name = "CppMethod__invoke_notvoid", address = <pointer: 0x55ddd123adf0>, dll = list(name = "Rcpp", path = "/home/hornik/tmp/R.check/r-release-gcc/Work/build/Packages/Rcpp/libs/Rcpp.so", dynamicLookup = TRUE, handle = <pointer: 0x55ddd219fcc0>, info = <pointer: 0x55ddd1f0c760>), numParameters = -1L), <pointer: 0x55ddd3145a60>, <pointer: 0x55ddd29802c0>, .pointer, ...)
     2: x@ptr$rasterizeWindow(y[, 1], y[, 2], y[, 3], algo, pars, opt)
     3: .local(x, y, ...)
     4: interpIDW(r, xyz, radius = 5, power = 1, smooth = 1, maxPoints = 5)
     5: interpIDW(r, xyz, radius = 5, power = 1, smooth = 1, maxPoints = 5)
    An irrecoverable exception occurred. R is aborting now ...
    Segmentation fault
Flavor: r-release-linux-x86_64

Version: 1.6-41
Check: whether package can be installed
Result: ERROR
    Installation failed.
Flavor: r-oldrel-windows-ix86+x86_64